{"id":7621,"date":"2025-11-19T08:39:58","date_gmt":"2025-11-19T08:39:58","guid":{"rendered":"https:\/\/automa.pt\/loja\/?post_type=product&#038;p=7621"},"modified":"2025-11-19T09:07:37","modified_gmt":"2025-11-19T09:07:37","slug":"black-panther","status":"publish","type":"product","link":"https:\/\/automa.pt\/loja\/produto\/black-panther\/","title":{"rendered":"Black Panther Air"},"content":{"rendered":"<h2 data-start=\"0\" data-end=\"42\">Cal\u00e7ado de Seguran\u00e7a No Risk \u2013 Black Panther Air<\/h2>\n<pre class=\"tw-data-text tw-text-large tw-ta\" dir=\"ltr\" data-placeholder=\"Tradu\u00e7\u00e3o\" data-ved=\"2ahUKEwiem7m5v7-PAxWeRKQEHdPUAGIQ3ewLegQIChAW\" aria-label=\"Texto traduzido: Prote\u00e7\u00e3o e estilo nunca estiveram t\u00e3o alinhados: onde a seguran\u00e7a encontra a moda, nossa revolucion\u00e1ria Athletic Safety com biqueira eleva o n\u00edvel da prote\u00e7\u00e3o. T\u00eaxtil Repelente \u00e0 \u00c1gua Espuma EVA + Borracha Entressola Kevlar Palmilha OrthoLite T\u00eaxtil Respir\u00e1vel Sola com Absor\u00e7\u00e3o de Impacto ESD\"><span class=\"Y2IQFc\" lang=\"pt\">A combina\u00e7\u00e3o ideal de prote\u00e7\u00e3o e estilo: \r\nonde a seguran\u00e7a encontra a moda.\r\nO modelo BLACK PANTHER AIR \u00e9 acerca de leveza, pot\u00eancia e prote\u00e7\u00e3o m\u00e1xima.\r\n\r\nExperimente a mistura perfeita de conforto, estilo e prote\u00e7\u00e3o com o BLACK PANTHER AIR. Projetado para mant\u00ea-lo seguro enquanto estiver em movimento, este cal\u00e7ado de prote\u00e7\u00e3o ultraleve pesa apenas 399g, permitindo que voc\u00ea permane\u00e7a \u00e1gil sem comprometer a durabilidade. \r\n\r\nPerfeito para aqueles dias longos em p\u00e9.\r\n<\/span><\/pre>\n<div class=\"bl-block cJNig6Zf2CH4KRJb\" data-bl-name=\"Block\" data-bl-id=\"cujTwhYbnAteEjm4\" data-bl-index=\"0\" data-content-id=\"shla6ge02edAopnu\">\n<p><strong>EN ISO 20345:2011 CE S3 SRC ESD<\/strong><\/p>\n<p>Este sapato de seguran\u00e7a \u00e9 tudo o que necessita no trabalho. Reconhecido pela sua leveza, \u00e9 repelente \u00e0 \u00e1gua, tem materiais de forro respir\u00e1veis e \u00e9 extremamente leve, tornando-se um sapato muito confort\u00e1vel para que se sintas no seu melhor.<\/p>\n<p><b>Carater\u00edsiticas Principais:<\/b><\/p>\n<p>PU Diretamente Injetado<\/p>\n<p>Palmilha de Prote\u00e7\u00e3o em Kevlar<\/p>\n<p>Biqueira de Prote\u00e7\u00e3o em Composite<\/p>\n<p>Microfibra Repelente de \u00c1gua<\/p>\n<p>Materiais de Forro Respir\u00e1veis<\/p>\n<p>&nbsp;<\/p>\n<\/div>\n<pre id=\"tw-target-text\" class=\"tw-data-text tw-text-large tw-ta\" dir=\"ltr\" data-placeholder=\"Tradu\u00e7\u00e3o\" data-ved=\"2ahUKEwiem7m5v7-PAxWeRKQEHdPUAGIQ3ewLegQIChAW\" aria-label=\"Texto traduzido: Prote\u00e7\u00e3o e estilo nunca estiveram t\u00e3o alinhados: onde a seguran\u00e7a encontra a moda, nossa revolucion\u00e1ria Athletic Safety com biqueira eleva o n\u00edvel da prote\u00e7\u00e3o. T\u00eaxtil Repelente \u00e0 \u00c1gua Espuma EVA + Borracha Entressola Kevlar Palmilha OrthoLite T\u00eaxtil Respir\u00e1vel Sola com Absor\u00e7\u00e3o de Impacto ESD\"><\/pre>\n<pre id=\"tw-target-text\" class=\"tw-data-text tw-text-large tw-ta\" dir=\"ltr\" data-placeholder=\"Tradu\u00e7\u00e3o\" data-ved=\"2ahUKEwiem7m5v7-PAxWeRKQEHdPUAGIQ3ewLegQIChAW\" aria-label=\"Texto traduzido: Nosso modelo Pegasus oferece o melhor de dois mundos: seguran\u00e7a e conforto. F\u00e1cil de cal\u00e7ar com nosso sistema de aperto r\u00e1pido, ele tamb\u00e9m conta com solado de EVA, aliado \u00e0 tecnologia de absor\u00e7\u00e3o de energia. Perfeito para trabalhar em qualquer ambiente. Principais Caracter\u00edsticas: Borracha + EVA Entressola protetora de Kevlar Biqueira composta T\u00eaxtil repelente \u00e0 \u00e1gua Materiais do forro respir\u00e1veis\">Oferece uma experi\u00eancia robusta e confort\u00e1vel sem comprometer a mobilidade.\r\nDispon\u00edvel nos tamanhos 35 a 48, adapta-se a diferentes utilizadores, \r\ngarantindo seguran\u00e7a e conforto em qualquer ambiente.\r\n\r\n<strong>NO RISK \u2013 Function meets Fashion<\/strong>\r\n\r\n<span class=\"Y2IQFc\" lang=\"pt\">A NoRisk surgiu em 1996 como uma marca pioneira em Portugal, \r\ncom inspira\u00e7\u00e3o na cultura do vestu\u00e1rio de trabalho, \r\nintegrando-se ao estilo de vida europeu e mantendo \r\nsempre a ess\u00eancia da durabilidade, seguran\u00e7a e estilo.\r\n\r\nNascida em Guimar\u00e3es, Portugal, pelas m\u00e3os do grupo ICC, \r\ncom o objetivo de fabricar as melhores e mais dur\u00e1veis \u200b\u200bbotas de trabalho. \r\nCom uma forte cren\u00e7a nos valores familiares e um sentido de tradi\u00e7\u00e3o, \r\na sua expans\u00e3o de Guimar\u00e3es para o mundo come\u00e7ou gradualmente. \r\nHoje, serve todos os tipos de trabalhadores, independentemente do seu desafio.\r\n\r\n<\/span><\/pre>\n","protected":false},"excerpt":{"rendered":"<p><strong>BLACK PANTHER AIR<\/strong><\/p>\n<p class=\"\" data-start=\"325\" data-end=\"358\"><strong data-start=\"325\" data-end=\"356\">Principais Caracter\u00edsticas:<\/strong><\/p>\n<ul data-start=\"359\" data-end=\"795\">\n<li class=\"\" data-start=\"359\" data-end=\"415\">\n<p class=\"\" data-start=\"361\" data-end=\"415\">PU injetado diretamente<\/p>\n<\/li>\n<li class=\"\" data-start=\"416\" data-end=\"468\">\n<p class=\"\" data-start=\"418\" data-end=\"468\">Entressola protetora de Kevlar<\/p>\n<\/li>\n<li class=\"\" data-start=\"469\" data-end=\"544\">\n<p class=\"\" data-start=\"471\" data-end=\"544\">Biqueira composta<\/p>\n<\/li>\n<li class=\"\" data-start=\"545\" data-end=\"606\">\n<p class=\"\" data-start=\"547\" data-end=\"606\">Palmilha OrthoLite para maior conforto durante todo o dia<\/p>\n<\/li>\n<li class=\"\" data-start=\"607\" data-end=\"660\">\n<p class=\"\" data-start=\"609\" data-end=\"660\">Microfibra<\/p>\n<\/li>\n<li class=\"\" data-start=\"661\" data-end=\"719\">\n<p class=\"\" data-start=\"663\" data-end=\"719\">Materiais de forro respir\u00e1veis<\/p>\n<\/li>\n<li class=\"\" data-start=\"720\" data-end=\"795\">\n<p class=\"\" data-start=\"722\" data-end=\"795\">ESD (Dissipa\u00e7\u00e3o de Carga Eletrost\u00e1tica), ideal para ambientes sens\u00edveis<\/p>\n<\/li>\n<\/ul>\n<p>&nbsp;<\/p>\n<p class=\"\" data-start=\"797\" data-end=\"1031\"><strong data-start=\"797\" data-end=\"838\">Seguran\u00e7a S3L com estilo e desempenho<\/strong><br data-start=\"838\" data-end=\"841\" \/>Estas sapatilhas s\u00e3o perfeitas para quem precisa de um cal\u00e7ado seguro sem abrir m\u00e3o da leveza e flexibilidade. O design desportivo e moderno torna-as ideais para uso profissional e casual.<\/p>\n<p class=\"\" data-start=\"1033\" data-end=\"1091\"><strong data-start=\"1033\" data-end=\"1056\">Garanta j\u00e1 o seu<\/strong>\u00a0Seguran\u00e7a e conforto num s\u00f3 par.<\/p>\n","protected":false},"featured_media":7636,"comment_status":"open","ping_status":"closed","template":"","meta":{"_mi_skip_tracking":false},"product_cat":[212,192,211,197,200,193,104,190,105,206,204],"product_tag":[217,218,159,214],"class_list":{"0":"post-7621","1":"product","2":"type-product","3":"status-publish","4":"has-post-thumbnail","6":"product_cat-no-risk","7":"product_cat-setores-de-atividade","8":"product_cat-setores-de-atividade-construcao-e-energia","9":"product_cat-setores-de-atividade-floresta-agricultura-jardinagem","10":"product_cat-setores-de-atividade-horeca-e-servicos-de-saude","11":"product_cat-setores-de-atividade-industria-ligeira-e-logistica","12":"product_cat-calcado-de-seguranca","13":"product_cat-calcado-de-seguranca-sapatilha","14":"product_cat-sapatos","15":"product_cat-mais-vendidos-automa","16":"product_cat-novidades-automa","17":"product_tag-ave","18":"product_tag-bota","19":"product_tag-calcado-de-seguranca","20":"product_tag-no-risk","22":"first","23":"instock","24":"taxable","25":"shipping-taxable","26":"purchasable","27":"product-type-variable"},"_links":{"self":[{"href":"https:\/\/automa.pt\/loja\/wp-json\/wp\/v2\/product\/7621","targetHints":{"allow":["GET"]}}],"collection":[{"href":"https:\/\/automa.pt\/loja\/wp-json\/wp\/v2\/product"}],"about":[{"href":"https:\/\/automa.pt\/loja\/wp-json\/wp\/v2\/types\/product"}],"replies":[{"embeddable":true,"href":"https:\/\/automa.pt\/loja\/wp-json\/wp\/v2\/comments?post=7621"}],"wp:featuredmedia":[{"embeddable":true,"href":"https:\/\/automa.pt\/loja\/wp-json\/wp\/v2\/media\/7636"}],"wp:attachment":[{"href":"https:\/\/automa.pt\/loja\/wp-json\/wp\/v2\/media?parent=7621"}],"wp:term":[{"taxonomy":"product_cat","embeddable":true,"href":"https:\/\/automa.pt\/loja\/wp-json\/wp\/v2\/product_cat?post=7621"},{"taxonomy":"product_tag","embeddable":true,"href":"https:\/\/automa.pt\/loja\/wp-json\/wp\/v2\/product_tag?post=7621"}],"curies":[{"name":"wp","href":"https:\/\/api.w.org\/{rel}","templated":true}]}}