{"id":7601,"date":"2025-11-18T17:46:07","date_gmt":"2025-11-18T17:46:07","guid":{"rendered":"https:\/\/automa.pt\/loja\/?post_type=product&#038;p=7601"},"modified":"2025-11-18T18:09:45","modified_gmt":"2025-11-18T18:09:45","slug":"ave","status":"publish","type":"product","link":"https:\/\/automa.pt\/loja\/produto\/ave\/","title":{"rendered":"Ave"},"content":{"rendered":"<h2 data-start=\"0\" data-end=\"42\">Cal\u00e7ado de Seguran\u00e7a No Risk \u2013 Ave<\/h2>\n<pre class=\"tw-data-text tw-text-large tw-ta\" dir=\"ltr\" data-placeholder=\"Tradu\u00e7\u00e3o\" data-ved=\"2ahUKEwiem7m5v7-PAxWeRKQEHdPUAGIQ3ewLegQIChAW\" aria-label=\"Texto traduzido: Prote\u00e7\u00e3o e estilo nunca estiveram t\u00e3o alinhados: onde a seguran\u00e7a encontra a moda, nossa revolucion\u00e1ria Athletic Safety com biqueira eleva o n\u00edvel da prote\u00e7\u00e3o. T\u00eaxtil Repelente \u00e0 \u00c1gua Espuma EVA + Borracha Entressola Kevlar Palmilha OrthoLite T\u00eaxtil Respir\u00e1vel Sola com Absor\u00e7\u00e3o de Impacto ESD\"><span class=\"Y2IQFc\" lang=\"pt\">Prote\u00e7\u00e3o e estilo nunca estiveram t\u00e3o alinhados: \r\nonde a seguran\u00e7a encontra a moda, \r\na nossa bota AVE n\u00e3o met\u00e1lica, flex\u00edvel e vers\u00e1til, com excelentes requisitos antiperfurantes e antiderrapantes eleva o n\u00edvel da prote\u00e7\u00e3o.\r\n\u00c9 um cal\u00e7ado de seguran\u00e7a da No Risk que combina design moderno com a m\u00e1xima\r\nseguran\u00e7a, garantindo prote\u00e7\u00e3o sem comprometer o conforto. \r\nIdeal para profissionais que necessitam de um cal\u00e7ado livre, resistente e funcional.\r\n\r\n<\/span><\/pre>\n<div class=\"bl-text bl-dyn bl-lead-paragraph\" data-bl-name=\"Text\" data-bl-id=\"c5WM9deleg9YbB2e\" data-bl-index=\"0\" data-content-id=\"shla6ge02edAopnu\">S3 SRC<\/div>\n<div class=\"bl-block cJNig6Zf2CH4KRJb\" data-bl-name=\"Block\" data-bl-id=\"cujTwhYbnAteEjm4\" data-bl-index=\"0\" data-content-id=\"shla6ge02edAopnu\">\n<p>Intervalo de tamanhos: EU 36-47<\/p>\n<p>Biqueira: Comp\u00f3sito<\/p>\n<p>Sola exterior: PU\/PU<\/p>\n<p>G\u00e1spea: Nobuck<\/p>\n<p>Forro: Tecido respir\u00e1vel<\/p>\n<p>Palmilha: Tecido em espuma anti est\u00e1tico e com absor\u00e7\u00e3o de choques no calcanhar<\/p>\n<p>Palmilha Prote\u00e7\u00e3o: Tecido Kevlar anti perfurante<\/p>\n<\/div>\n<pre id=\"tw-target-text\" class=\"tw-data-text tw-text-large tw-ta\" dir=\"ltr\" data-placeholder=\"Tradu\u00e7\u00e3o\" data-ved=\"2ahUKEwiem7m5v7-PAxWeRKQEHdPUAGIQ3ewLegQIChAW\" aria-label=\"Texto traduzido: Prote\u00e7\u00e3o e estilo nunca estiveram t\u00e3o alinhados: onde a seguran\u00e7a encontra a moda, nossa revolucion\u00e1ria Athletic Safety com biqueira eleva o n\u00edvel da prote\u00e7\u00e3o. T\u00eaxtil Repelente \u00e0 \u00c1gua Espuma EVA + Borracha Entressola Kevlar Palmilha OrthoLite T\u00eaxtil Respir\u00e1vel Sola com Absor\u00e7\u00e3o de Impacto ESD\">\r\n<\/pre>\n<pre id=\"tw-target-text\" class=\"tw-data-text tw-text-large tw-ta\" dir=\"ltr\" data-placeholder=\"Tradu\u00e7\u00e3o\" data-ved=\"2ahUKEwiem7m5v7-PAxWeRKQEHdPUAGIQ3ewLegQIChAW\" aria-label=\"Texto traduzido: Nosso modelo Pegasus oferece o melhor de dois mundos: seguran\u00e7a e conforto. F\u00e1cil de cal\u00e7ar com nosso sistema de aperto r\u00e1pido, ele tamb\u00e9m conta com solado de EVA, aliado \u00e0 tecnologia de absor\u00e7\u00e3o de energia. Perfeito para trabalhar em qualquer ambiente. Principais Caracter\u00edsticas: Borracha + EVA Entressola protetora de Kevlar Biqueira composta T\u00eaxtil repelente \u00e0 \u00e1gua Materiais do forro respir\u00e1veis\">Oferece uma experi\u00eancia robusta e confort\u00e1vel sem comprometer a mobilidade.\r\nDispon\u00edvel nos tamanhos 36 a 47, adapta-se a diferentes utilizadores, \r\ngarantindo seguran\u00e7a e conforto em qualquer ambiente.\r\n\r\n<strong>NO RISK \u2013 Function meets Fashion<\/strong>\r\n\r\n<span class=\"Y2IQFc\" lang=\"pt\">A NoRisk surgiu em 1996 como uma marca pioneira em Portugal, \r\ncom inspira\u00e7\u00e3o na cultura do vestu\u00e1rio de trabalho, \r\nintegrando-se ao estilo de vida europeu e mantendo \r\nsempre a ess\u00eancia da durabilidade, seguran\u00e7a e estilo.\r\n\r\nNascida em Guimar\u00e3es, Portugal, pelas m\u00e3os do grupo ICC, \r\ncom o objetivo de fabricar as melhores e mais dur\u00e1veis \u200b\u200bbotas de trabalho. \r\nCom uma forte cren\u00e7a nos valores familiares e um sentido de tradi\u00e7\u00e3o, \r\na sua expans\u00e3o de Guimar\u00e3es para o mundo come\u00e7ou gradualmente. \r\nHoje, serve todos os tipos de trabalhadores, independentemente do seu desafio.\r\n\r\n<\/span><\/pre>\n","protected":false},"excerpt":{"rendered":"<p><strong>ATHELETIC<\/strong><\/p>\n<p class=\"\" data-start=\"325\" data-end=\"358\"><strong data-start=\"325\" data-end=\"356\">Principais Caracter\u00edsticas:<\/strong><\/p>\n<ul data-start=\"359\" data-end=\"795\">\n<li class=\"\" data-start=\"359\" data-end=\"415\">\n<p class=\"\" data-start=\"361\" data-end=\"415\">Biqueira de prote\u00e7\u00e3o para m\u00e1xima seguran\u00e7a dos dedos<\/p>\n<\/li>\n<li class=\"\" data-start=\"416\" data-end=\"468\">\n<p class=\"\" data-start=\"418\" data-end=\"468\">T\u00eaxtil repelente \u00e0 \u00e1gua para manter os p\u00e9s secos<\/p>\n<\/li>\n<li class=\"\" data-start=\"469\" data-end=\"544\">\n<p class=\"\" data-start=\"471\" data-end=\"544\">Palmilha interm\u00e9dia em Kevlar para resist\u00eancia extra contra perfura\u00e7\u00f5es<\/p>\n<\/li>\n<li class=\"\" data-start=\"545\" data-end=\"606\">\n<p class=\"\" data-start=\"547\" data-end=\"606\">Palmilha OrthoLite para maior conforto durante todo o dia<\/p>\n<\/li>\n<li class=\"\" data-start=\"607\" data-end=\"660\">\n<p class=\"\" data-start=\"609\" data-end=\"660\">T\u00eaxtil respir\u00e1vel que permite ventila\u00e7\u00e3o adequada<\/p>\n<\/li>\n<li class=\"\" data-start=\"661\" data-end=\"719\">\n<p class=\"\" data-start=\"663\" data-end=\"719\">Sola absorvente de impacto, reduzindo a fadiga nos p\u00e9s<\/p>\n<\/li>\n<li class=\"\" data-start=\"720\" data-end=\"795\">\n<p class=\"\" data-start=\"722\" data-end=\"795\">ESD (Dissipa\u00e7\u00e3o de Carga Eletrost\u00e1tica), ideal para ambientes sens\u00edveis<\/p>\n<\/li>\n<\/ul>\n<p class=\"\" data-start=\"797\" data-end=\"1031\"><strong data-start=\"797\" data-end=\"838\">Seguran\u00e7a S3L com estilo e desempenho<\/strong><br data-start=\"838\" data-end=\"841\" \/>Estas sapatilhas s\u00e3o perfeitas para quem precisa de um cal\u00e7ado seguro sem abrir m\u00e3o da leveza e flexibilidade. O design desportivo e moderno torna-as ideais para uso profissional e casual.<\/p>\n<p class=\"\" data-start=\"1033\" data-end=\"1091\"><strong data-start=\"1033\" data-end=\"1056\">Garanta j\u00e1 as suas.<\/strong> Seguran\u00e7a e conforto num s\u00f3 par.<\/p>\n","protected":false},"featured_media":7616,"comment_status":"open","ping_status":"closed","template":"","meta":{"_mi_skip_tracking":false},"product_cat":[212,192,211,197,200,193,104,206,204],"product_tag":[217,218,159,214],"class_list":{"0":"post-7601","1":"product","2":"type-product","3":"status-publish","4":"has-post-thumbnail","6":"product_cat-no-risk","7":"product_cat-setores-de-atividade","8":"product_cat-setores-de-atividade-construcao-e-energia","9":"product_cat-setores-de-atividade-floresta-agricultura-jardinagem","10":"product_cat-setores-de-atividade-horeca-e-servicos-de-saude","11":"product_cat-setores-de-atividade-industria-ligeira-e-logistica","12":"product_cat-calcado-de-seguranca","13":"product_cat-mais-vendidos-automa","14":"product_cat-novidades-automa","15":"product_tag-ave","16":"product_tag-bota","17":"product_tag-calcado-de-seguranca","18":"product_tag-no-risk","20":"first","21":"instock","22":"taxable","23":"shipping-taxable","24":"purchasable","25":"product-type-variable"},"_links":{"self":[{"href":"https:\/\/automa.pt\/loja\/wp-json\/wp\/v2\/product\/7601","targetHints":{"allow":["GET"]}}],"collection":[{"href":"https:\/\/automa.pt\/loja\/wp-json\/wp\/v2\/product"}],"about":[{"href":"https:\/\/automa.pt\/loja\/wp-json\/wp\/v2\/types\/product"}],"replies":[{"embeddable":true,"href":"https:\/\/automa.pt\/loja\/wp-json\/wp\/v2\/comments?post=7601"}],"wp:featuredmedia":[{"embeddable":true,"href":"https:\/\/automa.pt\/loja\/wp-json\/wp\/v2\/media\/7616"}],"wp:attachment":[{"href":"https:\/\/automa.pt\/loja\/wp-json\/wp\/v2\/media?parent=7601"}],"wp:term":[{"taxonomy":"product_cat","embeddable":true,"href":"https:\/\/automa.pt\/loja\/wp-json\/wp\/v2\/product_cat?post=7601"},{"taxonomy":"product_tag","embeddable":true,"href":"https:\/\/automa.pt\/loja\/wp-json\/wp\/v2\/product_tag?post=7601"}],"curies":[{"name":"wp","href":"https:\/\/api.w.org\/{rel}","templated":true}]}}