{"id":6406,"date":"2025-02-10T13:34:16","date_gmt":"2025-02-10T13:34:16","guid":{"rendered":"https:\/\/automa.pt\/loja\/?post_type=product&#038;p=6406"},"modified":"2025-02-10T14:15:10","modified_gmt":"2025-02-10T14:15:10","slug":"luvas-bovino","status":"publish","type":"product","link":"https:\/\/automa.pt\/loja\/produto\/luvas-bovino\/","title":{"rendered":"Luvas Bovino"},"content":{"rendered":"<h2>Luvas de Prote\u00e7\u00e3o em Pele de Bovino \u2013 Conforto e Resist\u00eancia<\/h2>\n<p>As Luvas de Prote\u00e7\u00e3o em Pele de Bovino foram desenvolvidas para oferecer seguran\u00e7a, durabilidade e conforto em diversas aplica\u00e7\u00f5es profissionais. Certificadas pelas normas EN 388:2016 (4143X) e EN ISO 21420:2020, garantem resist\u00eancia mec\u00e2nica e um ajuste ergon\u00f4mico para m\u00e1xima efici\u00eancia no trabalho.<\/p>\n<p>Fabricadas em pele de bovino de alta qualidade, estas luvas proporcionam excelente resist\u00eancia \u00e0 abras\u00e3o, cortes e rasg\u00f5es, mantendo-se flex\u00edveis e confort\u00e1veis mesmo em longos per\u00edodos de uso. O el\u00e1stico no dorso junto ao pulsoassegura um ajuste firme e seguro, permitindo liberdade de movimentos sem comprometer a prote\u00e7\u00e3o.<\/p>\n<p>Ideais para trabalhos industriais, manuseio de ferramentas, constru\u00e7\u00e3o civil e agricultura, estas luvas combinam prote\u00e7\u00e3o e destreza, garantindo o m\u00e1ximo desempenho em qualquer atividade.<\/p>\n<p>Principais caracter\u00edsticas:<br \/>\n\u2714 Certifica\u00e7\u00f5es EN 388:2016 (4143X) e EN ISO 21420:2020, garantindo resist\u00eancia e seguran\u00e7a<br \/>\n\u2714 Pele de bovino de alta qualidade, proporcionando durabilidade e conforto<br \/>\n\u2714 El\u00e1stico no dorso junto ao pulso, para um ajuste seguro e ergon\u00f4mico<br \/>\n\u2714 Flex\u00edveis e confort\u00e1veis, permitindo precis\u00e3o nos movimentos<br \/>\n\u2714 Indicadas para diversos setores, como ind\u00fastria, constru\u00e7\u00e3o e agricultura<\/p>\n<p>Seja qual for a exig\u00eancia do seu trabalho, as Luvas de Prote\u00e7\u00e3o em Pele de Bovino oferecem a combina\u00e7\u00e3o perfeita entre seguran\u00e7a, conforto e resist\u00eancia.<\/p>\n<h2>Automa &#8211; Engenharia Industrial &amp; Humana<\/h2>\n<p>Especializada em engenharia industrial e em equipamentos de prote\u00e7\u00e3o individual, a AUTOMA est\u00e1 no mundo corporativo h\u00e1 tr\u00eas d\u00e9cadas. As solu\u00e7\u00f5es de automa\u00e7\u00e3o s\u00e3o o core business da Automa desde a sua funda\u00e7\u00e3o, em 1981. A Automa \u00e9 uma empresa de refer\u00eancia no mercado da engenharia industrial. Contudo, oferece tamb\u00e9m solu\u00e7\u00f5es adaptadas a cada cliente nos seus equipamentos de prote\u00e7\u00e3o individual. A Automa tem desenvolvido um comportamento cada vez mais \u00e9tico e sustent\u00e1vel para com o planeta.<\/p>\n<p>Escolher a Automa \u00e9 preferir uma marca constru\u00edda por profissionais para profissionais.<\/p>\n","protected":false},"excerpt":{"rendered":"<p>As Luvas de Prote\u00e7\u00e3o em Pele de Bovino foram desenvolvidas para oferecer seguran\u00e7a, durabilidade e conforto em diversas aplica\u00e7\u00f5es profissionais. Certificadas pelas normas EN 388:2016 (4143X) e EN ISO 21420:2020, garantem resist\u00eancia mec\u00e2nica e um ajuste ergon\u00f4mico para m\u00e1xima efici\u00eancia no trabalho.<\/p>\n","protected":false},"featured_media":6408,"comment_status":"open","ping_status":"closed","template":"","meta":{"_mi_skip_tracking":false},"product_cat":[203,209],"product_tag":[],"class_list":{"0":"post-6406","1":"product","2":"type-product","3":"status-publish","4":"has-post-thumbnail","6":"product_cat-equipamentos-de-protecao-individual","7":"product_cat-luvas","9":"first","10":"instock","11":"taxable","12":"shipping-taxable","13":"purchasable","14":"product-type-variable"},"_links":{"self":[{"href":"https:\/\/automa.pt\/loja\/wp-json\/wp\/v2\/product\/6406","targetHints":{"allow":["GET"]}}],"collection":[{"href":"https:\/\/automa.pt\/loja\/wp-json\/wp\/v2\/product"}],"about":[{"href":"https:\/\/automa.pt\/loja\/wp-json\/wp\/v2\/types\/product"}],"replies":[{"embeddable":true,"href":"https:\/\/automa.pt\/loja\/wp-json\/wp\/v2\/comments?post=6406"}],"wp:featuredmedia":[{"embeddable":true,"href":"https:\/\/automa.pt\/loja\/wp-json\/wp\/v2\/media\/6408"}],"wp:attachment":[{"href":"https:\/\/automa.pt\/loja\/wp-json\/wp\/v2\/media?parent=6406"}],"wp:term":[{"taxonomy":"product_cat","embeddable":true,"href":"https:\/\/automa.pt\/loja\/wp-json\/wp\/v2\/product_cat?post=6406"},{"taxonomy":"product_tag","embeddable":true,"href":"https:\/\/automa.pt\/loja\/wp-json\/wp\/v2\/product_tag?post=6406"}],"curies":[{"name":"wp","href":"https:\/\/api.w.org\/{rel}","templated":true}]}}