{"id":5415,"date":"2024-03-21T14:59:00","date_gmt":"2024-03-21T14:59:00","guid":{"rendered":"https:\/\/automa.pt\/humana\/?post_type=product&#038;p=5415"},"modified":"2025-02-25T15:16:10","modified_gmt":"2025-02-25T15:16:10","slug":"calcado-de-seguranca-setubal-go-safe","status":"publish","type":"product","link":"https:\/\/automa.pt\/loja\/produto\/calcado-de-seguranca-setubal-go-safe\/","title":{"rendered":"Set\u00fabal Go Safe"},"content":{"rendered":"<h2><strong>Cal\u00e7ado de Seguran\u00e7a Go Safe<\/strong><\/h2>\n<h2><strong>Cal\u00e7ado de Seguran\u00e7a Set\u00fabal Go Safe<\/strong><\/h2>\n<p>O Set\u00fabal Go Safe \u00e9 um cal\u00e7ado de seguran\u00e7a que atende \u00e0s necessidades dos profissionais que trabalham na ind\u00fastria pesada. Este cal\u00e7ado oferece prote\u00e7\u00e3o e durabilidade excecionais para enfrentar os desafios de ambientes de trabalho exigentes.<\/p>\n<p>Com uma biqueira e uma palmilha de a\u00e7o, este modelo proporciona prote\u00e7\u00e3o eficaz contra impactos e perfura\u00e7\u00f5es, garantindo a seguran\u00e7a dos p\u00e9s em ambientes perigosos.<\/p>\n<p>A sola dupla PU oferece excelente amortecimento e resist\u00eancia \u00e0 abras\u00e3o, proporcionando estabilidade e conforto durante longas jornadas de trabalho.<\/p>\n<p>Este modelo cont\u00e9m um corte em pele resistente \u00e0 penetra\u00e7\u00e3o da \u00e1gua. \u00c9 extremamente resistente, com uma pala almofadada para maior conforto. Com um hist\u00f3rico comprovado de qualidade e confiabilidade, as botas Set\u00fabal Go Safe s\u00e3o uma escolha confi\u00e1vel.<\/p>\n<p>O Set\u00fabal Go Safe \u00e9 um cal\u00e7ado de seguran\u00e7a que cumpre os requisitos da Norma EN ISO 20345:2011 CE S3 SRC.<\/p>\n<p>As suas carater\u00edsticas S3 indicam que tem mais do que seguran\u00e7a b\u00e1sica. O cal\u00e7ado \u00e9 antiderrapante e tem uma biqueira de seguran\u00e7a que protege os seus p\u00e9s contra impactos at\u00e9 200J. Tem a regi\u00e3o do calcanhar fechada e um sistema de absor\u00e7\u00e3o de energia no calcanhar, \u00e9 anti est\u00e1tico e resistente a \u00f3leos. Previne a penetra\u00e7\u00e3o e absor\u00e7\u00e3o de \u00e1gua e tem uma palmilha de prote\u00e7\u00e3o contra objetos pontiagudos.<\/p>\n<p>&nbsp;<\/p>\n<h3><strong>GO SAFE<\/strong><\/h3>\n<p>A Go Safe \u00e9 uma marca que se destaca pela sua dedica\u00e7\u00e3o \u00e0 qualidade e \u00e0 inova\u00e7\u00e3o em cal\u00e7ados de seguran\u00e7a. Com a miss\u00e3o de assegurar a seguran\u00e7a e o conforto, a Go Safe oferece v\u00e1rios modelos que atendem aos mais altos padr\u00f5es de excel\u00eancia. A Go Safe prioriza a sa\u00fade e o conforto dos p\u00e9s dos profissionais em ambientes laborais.<\/p>\n<p>Escolher a Go Safe \u00e9 preferir uma marca de cal\u00e7ado de seguran\u00e7a inovativo e topo de gama. \u00c9 eleger ter uma marca com o compromisso cont\u00ednuo com a excel\u00eancia e a inova\u00e7\u00e3o.<\/p>\n","protected":false},"excerpt":{"rendered":"<p><strong>CAL\u00c7ADO DE SEGURAN\u00c7A GO SAFE<\/strong><\/p>\n<p>O cal\u00e7ado de seguran\u00e7a Set\u00fabal Go Safe \u00e9 a escolha ideal para os profissionais da ind\u00fastria pesada. \u00c9 uma bota com corte em pele resistente \u00e0 penetra\u00e7\u00e3o de \u00e1gua. Um modelo extremamente resistente, com pala almofadada para maior conforto.<\/p>\n<p>&nbsp;<\/p>\n<p>EN ISO 20345:2011 CE S3 SRC<\/p>\n<p>&nbsp;<\/p>\n<p>Est\u00e1 dispon\u00edvel nos tamanhos 36 a 47.<\/p>\n","protected":false},"featured_media":5417,"comment_status":"open","ping_status":"closed","template":"","meta":{"_mi_skip_tracking":false},"product_cat":[194,104,106],"product_tag":[],"class_list":{"0":"post-5415","1":"product","2":"type-product","3":"status-publish","4":"has-post-thumbnail","6":"product_cat-setores-de-atividade-industria-pesada-e-atividades-especializadas","7":"product_cat-calcado-de-seguranca","8":"product_cat-botas","10":"first","11":"instock","12":"sale","13":"taxable","14":"shipping-taxable","15":"purchasable","16":"product-type-variable"},"_links":{"self":[{"href":"https:\/\/automa.pt\/loja\/wp-json\/wp\/v2\/product\/5415","targetHints":{"allow":["GET"]}}],"collection":[{"href":"https:\/\/automa.pt\/loja\/wp-json\/wp\/v2\/product"}],"about":[{"href":"https:\/\/automa.pt\/loja\/wp-json\/wp\/v2\/types\/product"}],"replies":[{"embeddable":true,"href":"https:\/\/automa.pt\/loja\/wp-json\/wp\/v2\/comments?post=5415"}],"wp:featuredmedia":[{"embeddable":true,"href":"https:\/\/automa.pt\/loja\/wp-json\/wp\/v2\/media\/5417"}],"wp:attachment":[{"href":"https:\/\/automa.pt\/loja\/wp-json\/wp\/v2\/media?parent=5415"}],"wp:term":[{"taxonomy":"product_cat","embeddable":true,"href":"https:\/\/automa.pt\/loja\/wp-json\/wp\/v2\/product_cat?post=5415"},{"taxonomy":"product_tag","embeddable":true,"href":"https:\/\/automa.pt\/loja\/wp-json\/wp\/v2\/product_tag?post=5415"}],"curies":[{"name":"wp","href":"https:\/\/api.w.org\/{rel}","templated":true}]}}