{"id":5351,"date":"2024-03-15T15:13:34","date_gmt":"2024-03-15T15:13:34","guid":{"rendered":"https:\/\/automa.pt\/humana\/?post_type=product&#038;p=5351"},"modified":"2025-02-25T09:22:45","modified_gmt":"2025-02-25T09:22:45","slug":"calcado-de-seguranca-cruzader","status":"publish","type":"product","link":"https:\/\/automa.pt\/loja\/produto\/calcado-de-seguranca-cruzader\/","title":{"rendered":"Cruzader"},"content":{"rendered":"<h2><strong>Cal\u00e7ado de Seguran\u00e7a Lavoro\u00a0<\/strong><\/h2>\n<h2><strong>Cal\u00e7ado de Seguran\u00e7a Cruzader<\/strong><\/h2>\n<p>O Cruzader \u00e9 um cal\u00e7ado de seguran\u00e7a que atende \u00e0s necessidades dos profissionais da ind\u00fastria ligeira e da log\u00edstica. Este modelo oferece uma variedade de recursos para garantir prote\u00e7\u00e3o e conforto durante o trabalho. \u00c9 um produto totalmente confecionado nacionalmente em Portugal.<\/p>\n<p>A sua sola supernova SCF proporciona ader\u00eancia superior e durabilidade em diversas superf\u00edcies, garantindo estabilidade e seguran\u00e7a ao caminhar.\u00a0 A palmilha em Kevlar garante resist\u00eancia contra perfura\u00e7\u00f5es, mantendo os p\u00e9s seguros em ambientes desafiadores. A palmilha de limpeza ajudar a manter os p\u00e9s frescos e secos, absorvendo a humidade.<\/p>\n<p>A biqueira de prote\u00e7\u00e3o n\u00e3o met\u00e1lica oferece prote\u00e7\u00e3o contra impactos sem adicionar peso extra. \u00c9 um modelo confort\u00e1vel para o profissional durante longas jornadas de trabalho. A sua microfibra Hi-Tech WR oferecem durabilidade e resist\u00eancia \u00e0 \u00e1gua, mantendo os p\u00e9s protegidos em condi\u00e7\u00f5es adversas.<\/p>\n<p>Este \u00e9 um cal\u00e7ado de seguran\u00e7a que cumpre os requisitos da Norma EN ISO 20345:2011 CE S3 HRO SRC.<\/p>\n<p>As suas carater\u00edsticas S3 indicam que tem mais do que seguran\u00e7a b\u00e1sica. O cal\u00e7ado de seguran\u00e7a \u00e9 antiderrapante e tem uma biqueira de seguran\u00e7a que protege os seus p\u00e9s contra impactos at\u00e9 200J. Tem a regi\u00e3o do calcanhar fechada e um sistema de absor\u00e7\u00e3o de energia no calcanhar, \u00e9 anti est\u00e1tico e resistente a \u00f3leos. Previne a penetra\u00e7\u00e3o e absor\u00e7\u00e3o de \u00e1gua e tem uma palmilha de prote\u00e7\u00e3o contra objetos pontiagudos.<\/p>\n<p>&nbsp;<\/p>\n<h3><strong>LAVORO &#8211; Engineering Life<\/strong><\/h3>\n<p>A Lavoro \u00e9 uma marca que possu\u00ed o selo VHQ (Very High Quality) que acrescenta um atestado de conformidade do cal\u00e7ado profissional com a adequada manuten\u00e7\u00e3o da sa\u00fade do p\u00e9 em contexto laboral. Desde 1988, a Lavoro \u00e9 um dos mais renomados produtores europeus de cal\u00e7ado profissional com uma procura constante pelo melhor. As carater\u00edsticas CLIMA CORK SYSTEM e RSA est\u00e3o presentes em alguns modelos e \u00e9 o que torna a Lavoro \u00fanica e inovativa.<\/p>\n","protected":false},"excerpt":{"rendered":"<p><strong>CAL\u00c7ADO DE SEGURAN\u00c7A LAVORO<\/strong><\/p>\n<p>O Cruzader \u00e9 um cal\u00e7ado de seguran\u00e7a que atende \u00e0s necessidades dos profissionais da ind\u00fastria ligeira e da log\u00edstica. Este modelo oferece uma variedade de recursos para garantir prote\u00e7\u00e3o e conforto durante o trabalho. O Cruzader possu\u00ed uma biqueira de prote\u00e7\u00e3o n\u00e3o met\u00e1lica, oferece assim uma prote\u00e7\u00e3o contra impactos sem adicionar peso extra.<\/p>\n<p>&nbsp;<\/p>\n<p>EN ISO 20345:2022 CE S3S CI HI FO HRO SR<\/p>\n<p>&nbsp;<\/p>\n<p>Encontra-se dispon\u00edvel nos tamanhos 39 a 48.<\/p>\n","protected":false},"featured_media":5350,"comment_status":"open","ping_status":"closed","template":"","meta":{"_mi_skip_tracking":false},"product_cat":[193,106,207],"product_tag":[],"class_list":{"0":"post-5351","1":"product","2":"type-product","3":"status-publish","4":"has-post-thumbnail","6":"product_cat-setores-de-atividade-industria-ligeira-e-logistica","7":"product_cat-botas","8":"product_cat-lavoro-automa","10":"first","11":"instock","12":"sale","13":"taxable","14":"shipping-taxable","15":"purchasable","16":"product-type-variable"},"_links":{"self":[{"href":"https:\/\/automa.pt\/loja\/wp-json\/wp\/v2\/product\/5351","targetHints":{"allow":["GET"]}}],"collection":[{"href":"https:\/\/automa.pt\/loja\/wp-json\/wp\/v2\/product"}],"about":[{"href":"https:\/\/automa.pt\/loja\/wp-json\/wp\/v2\/types\/product"}],"replies":[{"embeddable":true,"href":"https:\/\/automa.pt\/loja\/wp-json\/wp\/v2\/comments?post=5351"}],"wp:featuredmedia":[{"embeddable":true,"href":"https:\/\/automa.pt\/loja\/wp-json\/wp\/v2\/media\/5350"}],"wp:attachment":[{"href":"https:\/\/automa.pt\/loja\/wp-json\/wp\/v2\/media?parent=5351"}],"wp:term":[{"taxonomy":"product_cat","embeddable":true,"href":"https:\/\/automa.pt\/loja\/wp-json\/wp\/v2\/product_cat?post=5351"},{"taxonomy":"product_tag","embeddable":true,"href":"https:\/\/automa.pt\/loja\/wp-json\/wp\/v2\/product_tag?post=5351"}],"curies":[{"name":"wp","href":"https:\/\/api.w.org\/{rel}","templated":true}]}}