{"id":5303,"date":"2024-03-15T11:39:52","date_gmt":"2024-03-15T11:39:52","guid":{"rendered":"https:\/\/automa.pt\/humana\/?post_type=product&#038;p=5303"},"modified":"2025-11-18T10:53:44","modified_gmt":"2025-11-18T10:53:44","slug":"lynx-black","status":"publish","type":"product","link":"https:\/\/automa.pt\/loja\/produto\/lynx-black\/","title":{"rendered":"Lynx Black"},"content":{"rendered":"<h2><strong>Cal\u00e7ado de Seguran\u00e7a Lavoro\u00a0<\/strong><\/h2>\n<h2><strong>Cal\u00e7ado de Seguran\u00e7a Lynx Black<\/strong><\/h2>\n<p>O Lynx Black \u00e9 um cal\u00e7ado de seguran\u00e7a que atende \u00e0s necessidades dos profissionais da ind\u00fastria ligeira e da log\u00edstica. A biqueira em composite oferece prote\u00e7\u00e3o vigorosa contra impactos, assegurando a seguran\u00e7a e prote\u00e7\u00e3o dos p\u00e9s. Com essa caracter\u00edstica, os trabalhadores est\u00e3o seguros ao lidar com equipamentos pesados \u200b\u200be objetos perigosos.<\/p>\n<p>Apresenta uma constru\u00e7\u00e3o 100% n\u00e3o met\u00e1lica, garantindo leveza e conforto ao profissional. Com uma palmilha em Kevlar, oferece resist\u00eancia superior contra perfura\u00e7\u00f5es. A sua sola em dupla densidade de PU, com caracter\u00edstica ESD, proporciona amortecimento eficaz e prote\u00e7\u00e3o contra descargas eletrost\u00e1ticas.<\/p>\n<p>O sapato foi concebido com a tecnologia ESD, garantindo a dissipa\u00e7\u00e3o eficaz de cargas est\u00e1ticas, essencial em ambientes sens\u00edveis \u00e0 eletricidade est\u00e1tica. Isso ajuda a prevenir danos a equipamentos eletr\u00f4nicos e garante a seguran\u00e7a do usu\u00e1rio em locais onde a eletricidade est\u00e1tica pode representar um risco.<\/p>\n<p>Este \u00e9 um cal\u00e7ado de seguran\u00e7a que cumpre os requisitos da Norma EN ISSO 20345:2011 CE S3 SRC.<\/p>\n<p>As suas carater\u00edsticas S3 indicam que tem mais do que seguran\u00e7a b\u00e1sica. O cal\u00e7ado de seguran\u00e7a \u00e9 antiderrapante e tem uma biqueira de seguran\u00e7a que protege os seus p\u00e9s contra impactos at\u00e9 200J. Tem a regi\u00e3o do calcanhar fechada e um sistema de absor\u00e7\u00e3o de energia no calcanhar, \u00e9 anti est\u00e1tico e resistente a \u00f3leos. Previne a penetra\u00e7\u00e3o e absor\u00e7\u00e3o de \u00e1gua e tem uma palmilha de prote\u00e7\u00e3o contra objetos pontiagudos.<\/p>\n<p>&nbsp;<\/p>\n<h3><strong>LAVORO &#8211; Engineering Life<\/strong><\/h3>\n<p>A Lavoro \u00e9 uma marca que possu\u00ed o selo VHQ (Very High Quality) que acrescenta um atestado de conformidade do cal\u00e7ado profissional com a adequada manuten\u00e7\u00e3o da sa\u00fade do p\u00e9 em contexto laboral. Desde 1988, a Lavoro \u00e9 um dos mais renomados produtores europeus de cal\u00e7ado profissional com uma procura constante pelo melhor. As carater\u00edsticas CLIMA CORK SYSTEM e RSA est\u00e3o presentes em alguns modelos e \u00e9 o que torna a Lavoro \u00fanica e inovativa.<\/p>\n<p>Escolher a Lavoro \u00e9 preferir uma marca de cal\u00e7ado de seguran\u00e7a com carater\u00edsticas inovativas que permitem o maior conforto.<\/p>\n","protected":false},"excerpt":{"rendered":"<p><strong>CAL\u00c7ADO DE SEGURAN\u00c7A LAVORO<\/strong><\/p>\n<p>O cal\u00e7ado de seguran\u00e7a Lynx Black apresenta uma sola especialmente projetada para resistir a \u00f3leos e combust\u00edveis, garantindo seguran\u00e7a e durabilidade em ambientes industriais. A sua caracter\u00edstica antiderrapante proporciona ader\u00eancia superior em superf\u00edcies escorregadias, reduzindo o risco de quedas e les\u00f5es. Um sapato, leve e confort\u00e1vel, ideal para ind\u00fastrias ligeiras e para a log\u00edstica.<\/p>\n<p>&nbsp;<\/p>\n<p>EN ISSO 20345:2011 CE S3 SRC<\/p>\n<p>&nbsp;<\/p>\n<p>Encontra-se dispon\u00edvel nos tamanhos 35 a 48.<\/p>\n","protected":false},"featured_media":5305,"comment_status":"open","ping_status":"closed","template":"","meta":{"_mi_skip_tracking":false},"product_cat":[193,105,186,207],"product_tag":[],"class_list":{"0":"post-5303","1":"product","2":"type-product","3":"status-publish","4":"has-post-thumbnail","6":"product_cat-setores-de-atividade-industria-ligeira-e-logistica","7":"product_cat-sapatos","8":"product_cat-mulher","9":"product_cat-lavoro-automa","11":"first","12":"instock","13":"sale","14":"taxable","15":"shipping-taxable","16":"purchasable","17":"product-type-variable"},"_links":{"self":[{"href":"https:\/\/automa.pt\/loja\/wp-json\/wp\/v2\/product\/5303","targetHints":{"allow":["GET"]}}],"collection":[{"href":"https:\/\/automa.pt\/loja\/wp-json\/wp\/v2\/product"}],"about":[{"href":"https:\/\/automa.pt\/loja\/wp-json\/wp\/v2\/types\/product"}],"replies":[{"embeddable":true,"href":"https:\/\/automa.pt\/loja\/wp-json\/wp\/v2\/comments?post=5303"}],"wp:featuredmedia":[{"embeddable":true,"href":"https:\/\/automa.pt\/loja\/wp-json\/wp\/v2\/media\/5305"}],"wp:attachment":[{"href":"https:\/\/automa.pt\/loja\/wp-json\/wp\/v2\/media?parent=5303"}],"wp:term":[{"taxonomy":"product_cat","embeddable":true,"href":"https:\/\/automa.pt\/loja\/wp-json\/wp\/v2\/product_cat?post=5303"},{"taxonomy":"product_tag","embeddable":true,"href":"https:\/\/automa.pt\/loja\/wp-json\/wp\/v2\/product_tag?post=5303"}],"curies":[{"name":"wp","href":"https:\/\/api.w.org\/{rel}","templated":true}]}}