{"id":5109,"date":"2024-03-11T14:25:17","date_gmt":"2024-03-11T14:25:17","guid":{"rendered":"https:\/\/automa.pt\/humana\/?post_type=product&#038;p=5109"},"modified":"2025-02-25T10:27:34","modified_gmt":"2025-02-25T10:27:34","slug":"calcado-de-seguranca-vagos","status":"publish","type":"product","link":"https:\/\/automa.pt\/loja\/produto\/calcado-de-seguranca-vagos\/","title":{"rendered":"Vagos"},"content":{"rendered":"<h2><strong>Cal\u00e7ado de Seguran\u00e7a Lavoro\u00a0<\/strong><\/h2>\n<h2><strong>Cal\u00e7ado de Seguran\u00e7a Vagos<\/strong><\/h2>\n<p>Vagos \u00e9 um cal\u00e7ado de seguran\u00e7a vers\u00e1til que atende \u00e0s necessidades da ind\u00fastria ligeira e log\u00edstica, bem como dos servi\u00e7os de sa\u00fade. Este cal\u00e7ado oferece uma combina\u00e7\u00e3o de caracter\u00edsticas que garantem prote\u00e7\u00e3o e conforto durante toda a jornada de trabalho.<\/p>\n<p>Com uma biqueira em Composite, o Vagos oferece prote\u00e7\u00e3o eficaz contra impactos e compress\u00f5es, garantindo a seguran\u00e7a dos p\u00e9s. A sola dupla de PU proporciona excelente amortecimento e resist\u00eancia \u00e0 abras\u00e3o, oferecendo estabilidade numa variedade de superf\u00edcies.<\/p>\n<p>Certificado ESD (Descarga Eletrost\u00e1tica), o Vagos protege contra descargas eletrost\u00e1ticas em ambientes sens\u00edveis. \u00c9 um modelo n\u00e3o met\u00e1lico, leve e flex\u00edvel para profissionais que trabalham em ambientes sens\u00edveis a interfer\u00eancias magn\u00e9ticas.<\/p>\n<p>O Vagos tamb\u00e9m \u00e9 classificado como cal\u00e7ado vegano, atendendo \u00e0s necessidades dos profissionais que procuram op\u00e7\u00f5es \u00e9ticas e sustent\u00e1veis.<\/p>\n<p>Este modelo \u00e9 a escolha ideal para profissionais que procuram um cal\u00e7ado de seguran\u00e7a dur\u00e1vel, confort\u00e1vel e altamente funcional. O Vagos oferece alta prote\u00e7\u00e3o em ambientes industriais ligeiros.<\/p>\n<p>Este \u00e9 um cal\u00e7ado de seguran\u00e7a que cumpre os requisitos da Norma EN ISO 20345:2011 CE S2 SRC.<\/p>\n<p>As suas carter\u00edsticas SRC significa que passou em ambos os testes de antiderrap\u00e2ncia (pavimento cer\u00e2mico com detergente\/pavimento de a\u00e7o inox com glicerina), portanto \u00e9 o n\u00edvel mais elevado.<\/p>\n<p>&nbsp;<\/p>\n<h3><strong>LAVORO &#8211; Engineering Life<\/strong><\/h3>\n<p>A Lavoro \u00e9 uma marca que possu\u00ed o selo VHQ (Very High Quality) que acrescenta um atestado de conformidade do cal\u00e7ado profissional com a adequada manuten\u00e7\u00e3o da sa\u00fade do p\u00e9 em contexto laboral. Desde 1988, a Lavoro \u00e9 um dos mais renomados produtores europeus de cal\u00e7ado profissional com uma procura constante pelo melhor. As carater\u00edsticas CLIMA CORK SYSTEM e RSA est\u00e3o presentes em alguns modelos e \u00e9 o que torna a Lavoro \u00fanica e inovativa.<\/p>\n<p>Escolher a Lavoro \u00e9 preferir uma marca de cal\u00e7ado de seguran\u00e7a com carater\u00edsticas inovativas que permitem o maior conforto.<\/p>\n","protected":false},"excerpt":{"rendered":"<p><strong>CAL\u00c7ADO DE SEGURAN\u00c7A LAVORO<\/strong><\/p>\n<p>O cal\u00e7ado de seguran\u00e7a Vagos \u00e9 a escolha ideal para os profissionais da ind\u00fastria ligeira e para a log\u00edstica. \u00c9 especialmente desenhado para os profissionais do Servi\u00e7o de Sa\u00fade. \u00c9 um sapato, leve e confort\u00e1vel, com sola com dupla densidade de PU, bastante respir\u00e1vel, ideal para ambientes secos.<\/p>\n<p>&nbsp;<\/p>\n<p>EN ISO 20345:2011 CE S2 SRC<\/p>\n<p>&nbsp;<\/p>\n<p>Est\u00e1 dispon\u00edvel nos tamanhos 35 a 48.<\/p>\n<p>&nbsp;<\/p>\n","protected":false},"featured_media":5207,"comment_status":"open","ping_status":"closed","template":"","meta":{"_mi_skip_tracking":false},"product_cat":[200,193,104,105,207],"product_tag":[],"class_list":{"0":"post-5109","1":"product","2":"type-product","3":"status-publish","4":"has-post-thumbnail","6":"product_cat-setores-de-atividade-horeca-e-servicos-de-saude","7":"product_cat-setores-de-atividade-industria-ligeira-e-logistica","8":"product_cat-calcado-de-seguranca","9":"product_cat-sapatos","10":"product_cat-lavoro-automa","12":"first","13":"instock","14":"sale","15":"taxable","16":"shipping-taxable","17":"purchasable","18":"product-type-variable"},"_links":{"self":[{"href":"https:\/\/automa.pt\/loja\/wp-json\/wp\/v2\/product\/5109","targetHints":{"allow":["GET"]}}],"collection":[{"href":"https:\/\/automa.pt\/loja\/wp-json\/wp\/v2\/product"}],"about":[{"href":"https:\/\/automa.pt\/loja\/wp-json\/wp\/v2\/types\/product"}],"replies":[{"embeddable":true,"href":"https:\/\/automa.pt\/loja\/wp-json\/wp\/v2\/comments?post=5109"}],"wp:featuredmedia":[{"embeddable":true,"href":"https:\/\/automa.pt\/loja\/wp-json\/wp\/v2\/media\/5207"}],"wp:attachment":[{"href":"https:\/\/automa.pt\/loja\/wp-json\/wp\/v2\/media?parent=5109"}],"wp:term":[{"taxonomy":"product_cat","embeddable":true,"href":"https:\/\/automa.pt\/loja\/wp-json\/wp\/v2\/product_cat?post=5109"},{"taxonomy":"product_tag","embeddable":true,"href":"https:\/\/automa.pt\/loja\/wp-json\/wp\/v2\/product_tag?post=5109"}],"curies":[{"name":"wp","href":"https:\/\/api.w.org\/{rel}","templated":true}]}}