{"id":5108,"date":"2024-03-11T14:24:57","date_gmt":"2024-03-11T14:24:57","guid":{"rendered":"https:\/\/automa.pt\/humana\/?post_type=product&#038;p=5108"},"modified":"2025-02-25T10:28:27","modified_gmt":"2025-02-25T10:28:27","slug":"calcado-de-seguranca-tocha","status":"publish","type":"product","link":"https:\/\/automa.pt\/loja\/produto\/calcado-de-seguranca-tocha\/","title":{"rendered":"Tocha"},"content":{"rendered":"<h2><strong>Cal\u00e7ado de Seguran\u00e7a Lavoro\u00a0<\/strong><\/h2>\n<h2><strong>Cal\u00e7ado de Seguran\u00e7a Tocha<\/strong><\/h2>\n<p>Tocha \u00e9 um cal\u00e7ado de seguran\u00e7a vers\u00e1til que atende \u00e0s necessidades da ind\u00fastria ligeira e log\u00edstica, bem como dos servi\u00e7os de sa\u00fade. Este cal\u00e7ado oferece uma combina\u00e7\u00e3o de caracter\u00edsticas que garantem prote\u00e7\u00e3o e conforto durante toda a jornada de trabalho.<\/p>\n<p>Com uma palmilha de Kevlar e uma biqueira Composite, o Tocha oferece prote\u00e7\u00e3o eficaz contra perfura\u00e7\u00f5es e impactos. A sola em PU proporciona excelente amortecimento e resist\u00eancia \u00e0 abras\u00e3o, oferecendo estabilidade em uma variedade de superf\u00edcies.<\/p>\n<p>Certificado como ESD (Descarga Eletrost\u00e1tica), o Tocha protege contra descargas eletrost\u00e1ticas em ambientes sens\u00edveis. \u00c9 100% n\u00e3o met\u00e1lico, por isso, oferece uma solu\u00e7\u00e3o leve e flex\u00edvel para profissionais que trabalham em ambientes sens\u00edveis a interfer\u00eancias magn\u00e9ticas.<\/p>\n<p>O Tocha tamb\u00e9m \u00e9 classificado como cal\u00e7ado vegano, atendendo \u00e0s necessidades dos profissionais que procuram op\u00e7\u00f5es \u00e9ticas e sustent\u00e1veis.<\/p>\n<p>Este \u00e9 um cal\u00e7ado de seguran\u00e7a que cumpre os requisitos da Norma ISO 20345:2011 CE S3 SR.<\/p>\n<p>As suas carater\u00edsticas S3 indicam que tem mais do que seguran\u00e7a b\u00e1sica. O cal\u00e7ado \u00e9 antiderrapante e tem uma biqueira de seguran\u00e7a que protege os seus p\u00e9s contra impactos at\u00e9 200J. Tem a regi\u00e3o do calcanhar fechada e um sistema de absor\u00e7\u00e3o de energia no calcanhar, \u00e9 anti est\u00e1tico e resistente a \u00f3leos. Previne a penetra\u00e7\u00e3o e absor\u00e7\u00e3o de \u00e1gua e tem uma palmilha de prote\u00e7\u00e3o contra objetos pontiagudos.<\/p>\n<p><strong><span style=\"font-weight: normal\">\u00a0<\/span><\/strong><\/p>\n<h3><strong>LAVORO &#8211; Engineering Life<\/strong><\/h3>\n<p>A Lavoro \u00e9 uma marca que possu\u00ed o selo VHQ (Very High Quality) que acrescenta um atestado de conformidade do cal\u00e7ado profissional com a adequada manuten\u00e7\u00e3o da sa\u00fade do p\u00e9 em contexto laboral. Desde 1988, a Lavoro \u00e9 um dos mais renomados produtores europeus de cal\u00e7ado profissional com uma procura constante pelo melhor. As carater\u00edsticas CLIMA CORK SYSTEM e RSA est\u00e3o presentes em alguns modelos e \u00e9 o que torna a Lavoro \u00fanica e inovativa.<\/p>\n<p>Escolher a Lavoro \u00e9 preferir uma marca de cal\u00e7ado de seguran\u00e7a com carater\u00edsticas inovativas que permitem o maior conforto.<\/p>\n","protected":false},"excerpt":{"rendered":"<p><strong>CAL\u00c7ADO DE SEGURAN\u00c7A LAVORO<\/strong><\/p>\n<p>O cal\u00e7ado de seguran\u00e7a Tocha \u00e9 a escolha ideal para os profissionais da ind\u00fastria ligeira e para a log\u00edstica. \u00c9 especialmente desenhado para os profissionais do Servi\u00e7o de Sa\u00fade. \u00c9 um sapato vegano leve e flex\u00edvel com uma combina\u00e7\u00e3o de caracter\u00edsticas que garantem prote\u00e7\u00e3o e conforto durante toda a jornada de trabalho.<\/p>\n<p>&nbsp;<\/p>\n<p>ISO 20345:2011 CE S3 SR<\/p>\n<p>&nbsp;<\/p>\n<p>Encontra-se dispon\u00edvel nos tamanhos 35 a 48.<\/p>\n","protected":false},"featured_media":5223,"comment_status":"open","ping_status":"closed","template":"","meta":{"_mi_skip_tracking":false},"product_cat":[200,193,104,105,207],"product_tag":[],"class_list":{"0":"post-5108","1":"product","2":"type-product","3":"status-publish","4":"has-post-thumbnail","6":"product_cat-setores-de-atividade-horeca-e-servicos-de-saude","7":"product_cat-setores-de-atividade-industria-ligeira-e-logistica","8":"product_cat-calcado-de-seguranca","9":"product_cat-sapatos","10":"product_cat-lavoro-automa","12":"first","13":"instock","14":"sale","15":"taxable","16":"shipping-taxable","17":"purchasable","18":"product-type-variable"},"_links":{"self":[{"href":"https:\/\/automa.pt\/loja\/wp-json\/wp\/v2\/product\/5108","targetHints":{"allow":["GET"]}}],"collection":[{"href":"https:\/\/automa.pt\/loja\/wp-json\/wp\/v2\/product"}],"about":[{"href":"https:\/\/automa.pt\/loja\/wp-json\/wp\/v2\/types\/product"}],"replies":[{"embeddable":true,"href":"https:\/\/automa.pt\/loja\/wp-json\/wp\/v2\/comments?post=5108"}],"wp:featuredmedia":[{"embeddable":true,"href":"https:\/\/automa.pt\/loja\/wp-json\/wp\/v2\/media\/5223"}],"wp:attachment":[{"href":"https:\/\/automa.pt\/loja\/wp-json\/wp\/v2\/media?parent=5108"}],"wp:term":[{"taxonomy":"product_cat","embeddable":true,"href":"https:\/\/automa.pt\/loja\/wp-json\/wp\/v2\/product_cat?post=5108"},{"taxonomy":"product_tag","embeddable":true,"href":"https:\/\/automa.pt\/loja\/wp-json\/wp\/v2\/product_tag?post=5108"}],"curies":[{"name":"wp","href":"https:\/\/api.w.org\/{rel}","templated":true}]}}