{"id":3991,"date":"2022-05-31T16:13:58","date_gmt":"2022-05-31T16:13:58","guid":{"rendered":"https:\/\/automa.pt\/humana\/?post_type=product&#038;p=3991"},"modified":"2025-02-25T09:37:07","modified_gmt":"2025-02-25T09:37:07","slug":"calcado-de-seguranca-starsight","status":"publish","type":"product","link":"https:\/\/automa.pt\/loja\/produto\/calcado-de-seguranca-starsight\/","title":{"rendered":"Starsight"},"content":{"rendered":"<h2><strong>Cal\u00e7ado de Seguran\u00e7a Lavoro\u00a0<\/strong><\/h2>\n<h2><strong>Cal\u00e7ado de Seguran\u00e7a Starsight\u00a0<\/strong><\/h2>\n<p>O Starsight \u00e9 um cal\u00e7ado de seguran\u00e7a que integra uma diversidade de caracter\u00edsticas inovadoras que proporcionam conforto no trabalho. Tecnologia avan\u00e7ada com conforto para os profissionais da ind\u00fastria ligeira e log\u00edstica que necessitam de melhor desempenho em ambientes desafiadores.<\/p>\n<p>Com a sua biqueira em composite oferece alta prote\u00e7\u00e3o contra impactos, garantindo a seguran\u00e7a sem comprometer o peso do cal\u00e7ado. A palmilha em Kevlar proporciona resist\u00eancia adicional contra perfura\u00e7\u00f5es, garantindo a prote\u00e7\u00e3o dos p\u00e9s em qualquer situa\u00e7\u00e3o.<\/p>\n<p>Totalmente n\u00e3o met\u00e1lico, \u00e9 adequado para ambientes onde detetores de metal s\u00e3o utilizados ou onde h\u00e1 risco de rea\u00e7\u00f5es. A sua sola em TPU com a tecnologia Energy Return oferece amortecimento excecional, proporcionando conforto durante longos per\u00edodos de uso.<\/p>\n<p>Com a tecnologia ESD integrada, garante prote\u00e7\u00e3o contra descargas eletrost\u00e1ticas, prevenindo danos a equipamentos sens\u00edveis. O sistema de aperto f\u00e1cil e o ajuste do modelo torna-o pr\u00e1tico para o uso do di\u00e1rio.<\/p>\n<p>Este \u00e9 um cal\u00e7ado de seguran\u00e7a que cumpre os requisitos da Norma EN ISO 20345:2011 CE S1P WRU SRC .<\/p>\n<p>As carater\u00edsticas SRC do cal\u00e7ado garantem uma seguran\u00e7a avan\u00e7ada, superando os padr\u00f5es b\u00e1sicos. A sua aprova\u00e7\u00e3o nos testes de antiderrap\u00e2ncia, em pavimento cer\u00e2mico com detergente e a\u00e7o inox com glicerina, destaca a versatilidade do cal\u00e7ado. A sua confiabilidade em condi\u00e7\u00f5es variadas \u00e9 not\u00e1vel.<\/p>\n<p>&nbsp;<\/p>\n<h3><strong>LAVORO &#8211; Engineering Life<\/strong><\/h3>\n<p>A Lavoro \u00e9 uma marca que possu\u00ed o selo VHQ (Very High Quality) que acrescenta um atestado de conformidade do cal\u00e7ado profissional com a adequada manuten\u00e7\u00e3o da sa\u00fade do p\u00e9 em contexto laboral. Desde 1988, a Lavoro \u00e9 um dos mais renomados produtores europeus de cal\u00e7ado profissional com uma procura constante pelo melhor. As carater\u00edsticas CLIMA CORK SYSTEM e RSA est\u00e3o presentes em alguns modelos e \u00e9 o que torna a Lavoro \u00fanica e inovativa.<\/p>\n<p>Escolher a Lavoro \u00e9 preferir uma marca de cal\u00e7ado de seguran\u00e7a com carater\u00edsticas inovativas que permitem o maior conforto.<\/p>\n","protected":false},"excerpt":{"rendered":"<p><strong>CAL\u00c7ADO DE SEGURAN\u00c7A\u00a0 LAVORO\u00a0<\/strong><\/p>\n<p>O Starsight \u00e9 um cal\u00e7ado de prote\u00e7\u00e3o que vai al\u00e9m das necessidades dos profissionais que trabalham na ind\u00fastria ligeira e log\u00edstica. Desenvolvido com min\u00facia, este cal\u00e7ado integra uma variedade de caracter\u00edsticas inovadoras para proporcionar conforto e seguran\u00e7a no ambiente de trabalho. Em vers\u00e3o de Aperto F\u00e1cil, o modelo Starsight \u00e9 leve e male\u00e1vel e acrescenta \u00e0 vers\u00e3o sand\u00e1lia, o sapato e a bota. O seu ar desportivo e descontra\u00eddo \u00e9 bem recebido especialmente em oficinas e armaz\u00e9ns. Este modelo \u00e9 completamente livre de componentes de origem animal.<\/p>\n<p>&nbsp;<\/p>\n<p>EN ISO 20345:2011 CE S1P WRU SRC<\/p>\n<p>&nbsp;<\/p>\n<p>Encontra-se dispon\u00edvel nos tamanhos 39 a 47.<\/p>\n","protected":false},"featured_media":4270,"comment_status":"open","ping_status":"closed","template":"","meta":{"_mi_skip_tracking":false},"product_cat":[193,104,107,186,207],"product_tag":[159,160,163,165],"class_list":{"0":"post-3991","1":"product","2":"type-product","3":"status-publish","4":"has-post-thumbnail","6":"product_cat-setores-de-atividade-industria-ligeira-e-logistica","7":"product_cat-calcado-de-seguranca","8":"product_cat-sandalias","9":"product_cat-mulher","10":"product_cat-lavoro-automa","11":"product_tag-calcado-de-seguranca","12":"product_tag-calcado-profissional","13":"product_tag-lavoro","14":"product_tag-sandalias","16":"first","17":"instock","18":"sale","19":"sold-individually","20":"taxable","21":"shipping-taxable","22":"purchasable","23":"product-type-variable"},"_links":{"self":[{"href":"https:\/\/automa.pt\/loja\/wp-json\/wp\/v2\/product\/3991","targetHints":{"allow":["GET"]}}],"collection":[{"href":"https:\/\/automa.pt\/loja\/wp-json\/wp\/v2\/product"}],"about":[{"href":"https:\/\/automa.pt\/loja\/wp-json\/wp\/v2\/types\/product"}],"replies":[{"embeddable":true,"href":"https:\/\/automa.pt\/loja\/wp-json\/wp\/v2\/comments?post=3991"}],"wp:featuredmedia":[{"embeddable":true,"href":"https:\/\/automa.pt\/loja\/wp-json\/wp\/v2\/media\/4270"}],"wp:attachment":[{"href":"https:\/\/automa.pt\/loja\/wp-json\/wp\/v2\/media?parent=3991"}],"wp:term":[{"taxonomy":"product_cat","embeddable":true,"href":"https:\/\/automa.pt\/loja\/wp-json\/wp\/v2\/product_cat?post=3991"},{"taxonomy":"product_tag","embeddable":true,"href":"https:\/\/automa.pt\/loja\/wp-json\/wp\/v2\/product_tag?post=3991"}],"curies":[{"name":"wp","href":"https:\/\/api.w.org\/{rel}","templated":true}]}}