{"id":3970,"date":"2022-05-31T14:54:19","date_gmt":"2022-05-31T14:54:19","guid":{"rendered":"https:\/\/automa.pt\/humana\/?post_type=product&#038;p=3970"},"modified":"2025-02-25T12:11:59","modified_gmt":"2025-02-25T12:11:59","slug":"calcado-de-seguranca-sapato-santarem","status":"publish","type":"product","link":"https:\/\/automa.pt\/loja\/produto\/calcado-de-seguranca-sapato-santarem\/","title":{"rendered":"Santar\u00e9m"},"content":{"rendered":"<h2><strong>Cal\u00e7ado de Seguran\u00e7a Portcal S3<\/strong><\/h2>\n<h2><strong>Cal\u00e7ado de Seguran\u00e7a Santar\u00e9m<\/strong><\/h2>\n<p>O cal\u00e7ado de seguran\u00e7a Santar\u00e9m \u00e9 a op\u00e7\u00e3o perfeita para v\u00e1rias profiss\u00f5es, especialmente as que possuem ambientes mais complexos. Produzidas com materiais de excel\u00eancia, as botas Albufeira est\u00e1 preparada para qualquer impacto com a sua biqueira em Composite.<\/p>\n<p>As botas de prote\u00e7\u00e3o garantem uma resist\u00eancia \u00e0 press\u00e3o e ao impacto not\u00e1vel devido \u00e0 sua sola dupla em PU. O cal\u00e7ado Santar\u00e9m disp\u00f5e de uma palmilha Kevlar que confere alta durabilidade em qualquer tipo de solo. A g\u00e1spea em Nubuck eleva o design do cal\u00e7ado de seguran\u00e7a e oferece uma camada adicional de resist\u00eancia e conforto.<\/p>\n<p>Este \u00e9 um cal\u00e7ado de prote\u00e7\u00e3o que atende \u00e0s especifica\u00e7\u00f5es estabelecidas pela norma EN ISO 20345:2011 CE S3 SRC.<\/p>\n<p>O design cuidadoso do cal\u00e7ado n\u00e3o s\u00f3 corresponde aos padr\u00f5es normativos, mas tamb\u00e9m reflete um compromisso com a seguran\u00e7a. Seja enfrentando desafios em ambientes complexos ou em situa\u00e7\u00f5es que necessitam alta resist\u00eancia, as botas Santar\u00e9m s\u00e3o uma escolha confi\u00e1vel.<\/p>\n<p><span style=\"font-size: 0.9rem\">As suas carater\u00edsticas S3 indicam que tem mais do que seguran\u00e7a b\u00e1sica. Este cal\u00e7ado \u00e9 antiderrapante e tem uma biqueira de seguran\u00e7a que protege os seus p\u00e9s contra impactos at\u00e9 200J. Tem a regi\u00e3o do calcanhar fechada e um sistema de absor\u00e7\u00e3o de energia no calcanhar, \u00e9 anti est\u00e1tico e resistente a \u00f3leos. Previne a penetra\u00e7\u00e3o e absor\u00e7\u00e3o de \u00e1gua e tem uma palmilha de prote\u00e7\u00e3o contra objetos pontiagudos.<\/span><\/p>\n<p>&nbsp;<\/p>\n<h3>Portcal &#8211; Shoes from Portugal<\/h3>\n<p>A Portcal \u00e9 uma marca da ICC \u2013 Ind\u00fastrias e Com\u00e9rcio de Cal\u00e7ado, S.A. -, empresa portuguesa l\u00edder nacional na produ\u00e7\u00e3o de cal\u00e7ado de seguran\u00e7a. Nascida em 1999, a Portcal produz cal\u00e7ado de seguran\u00e7a de qualidade, garantindo conforto e adequa\u00e7\u00e3o \u00e0s diversas exig\u00eancias dos locais de trabalho. A Portcal disp\u00f5e de uma gama variada de modelos, caraterizando-se pela rigorosa sele\u00e7\u00e3o de materiais para a produ\u00e7\u00e3o de cal\u00e7ado resistente, a pre\u00e7os competitivos.<\/p>\n<p>Escolher Portcal \u00e9 preferir uma marca Portuguesa de cal\u00e7ado de seguran\u00e7a e beneficiar de maior conforto no trabalho.<\/p>\n","protected":false},"excerpt":{"rendered":"<p><strong>CAL\u00c7ADO DE SEGURAN\u00c7A PORTCAL<\/strong><\/p>\n<p>Santar\u00e9m \u00e9 uma bota de seguran\u00e7a para v\u00e1rias profiss\u00f5es, destacando-se nos locais de trabalho mais din\u00e2micos e complexos. O sapato \u00e9 100% n\u00e3o met\u00e1lico concebido para oferecer conforto no ambiente laboral, esta bota destaca-se pela sua leveza e flexibilidade.<\/p>\n<p>&nbsp;<\/p>\n<p>EN ISO 20345:2011 CE S3 SRC<\/p>\n<p>&nbsp;<\/p>\n<p>Encontra-se dispon\u00edvel nos tamanhos 36 a 47.<\/p>\n<h2><\/h2>\n","protected":false},"featured_media":4370,"comment_status":"open","ping_status":"closed","template":"","meta":{"_mi_skip_tracking":false},"product_cat":[193,104,105,184],"product_tag":[159,160,164,161],"class_list":{"0":"post-3970","1":"product","2":"type-product","3":"status-publish","4":"has-post-thumbnail","6":"product_cat-setores-de-atividade-industria-ligeira-e-logistica","7":"product_cat-calcado-de-seguranca","8":"product_cat-sapatos","9":"product_cat-portcal-calcado-de-seguranca","10":"product_tag-calcado-de-seguranca","11":"product_tag-calcado-profissional","12":"product_tag-portcal","13":"product_tag-sapatos","15":"first","16":"instock","17":"sale","18":"taxable","19":"shipping-taxable","20":"purchasable","21":"product-type-variable"},"_links":{"self":[{"href":"https:\/\/automa.pt\/loja\/wp-json\/wp\/v2\/product\/3970","targetHints":{"allow":["GET"]}}],"collection":[{"href":"https:\/\/automa.pt\/loja\/wp-json\/wp\/v2\/product"}],"about":[{"href":"https:\/\/automa.pt\/loja\/wp-json\/wp\/v2\/types\/product"}],"replies":[{"embeddable":true,"href":"https:\/\/automa.pt\/loja\/wp-json\/wp\/v2\/comments?post=3970"}],"wp:featuredmedia":[{"embeddable":true,"href":"https:\/\/automa.pt\/loja\/wp-json\/wp\/v2\/media\/4370"}],"wp:attachment":[{"href":"https:\/\/automa.pt\/loja\/wp-json\/wp\/v2\/media?parent=3970"}],"wp:term":[{"taxonomy":"product_cat","embeddable":true,"href":"https:\/\/automa.pt\/loja\/wp-json\/wp\/v2\/product_cat?post=3970"},{"taxonomy":"product_tag","embeddable":true,"href":"https:\/\/automa.pt\/loja\/wp-json\/wp\/v2\/product_tag?post=3970"}],"curies":[{"name":"wp","href":"https:\/\/api.w.org\/{rel}","templated":true}]}}