{"id":3961,"date":"2022-05-31T14:42:35","date_gmt":"2022-05-31T14:42:35","guid":{"rendered":"https:\/\/automa.pt\/humana\/?post_type=product&#038;p=3961"},"modified":"2025-03-01T00:01:58","modified_gmt":"2025-03-01T00:01:58","slug":"calcado-de-seguranca-bota-braga","status":"publish","type":"product","link":"https:\/\/automa.pt\/loja\/produto\/calcado-de-seguranca-bota-braga\/","title":{"rendered":"Braga"},"content":{"rendered":"<h2><strong>Cal\u00e7ado de Seguran\u00e7a Portcal S3<\/strong><\/h2>\n<h2><strong>Cal\u00e7ado de Seguran\u00e7a Braga<\/strong><\/h2>\n<p>O cal\u00e7ado de seguran\u00e7a Braga destaca-se como a escolha ideal para condi\u00e7\u00f5es adversas e complexas no trabalho. A bota mant\u00eam-se resiliente ao desgaste habitual devido a sua biqueira de Composite.<\/p>\n<p>As botas de seguran\u00e7a proporcionam uma not\u00e1vel resist\u00eancia \u00e0 press\u00e3o e ao impacto pela sua sola dupla em PU. O cal\u00e7ado Braga apresenta uma palmilha de Kevlar, garantindo elevada durabilidade em variados tipos de solo. A g\u00e1spea em Nubuck melhora o design do cal\u00e7ado de prote\u00e7\u00e3o e adiciona uma camada extra de resist\u00eancia e conforto.<\/p>\n<p>O cal\u00e7ado Braga reflete o compromisso com a qualidade e promove o bem-estar do profissional. \u00c9 uma escolha confi\u00e1vel para profissionais que precisam do melhor em desempenho e conforto.<\/p>\n<p>Este \u00e9 um cal\u00e7ado de prote\u00e7\u00e3o que atende \u00e0s especifica\u00e7\u00f5es estabelecidas pela norma EN ISO 20345:2011 CE S3 SRC.<\/p>\n<p><span style=\"font-size: 0.9rem\">As suas carater\u00edsticas S3 indicam que tem mais do que seguran\u00e7a b\u00e1sica. O cal\u00e7ado Braga \u00e9 antiderrapante e tem uma biqueira de seguran\u00e7a que protege os seus p\u00e9s contra impactos at\u00e9 200J. Tem a regi\u00e3o do calcanhar fechada e um sistema de absor\u00e7\u00e3o de energia no calcanhar, \u00e9 anti est\u00e1tico e resistente a \u00f3leos. Previne a penetra\u00e7\u00e3o e absor\u00e7\u00e3o de \u00e1gua e tem uma palmilha de prote\u00e7\u00e3o contra objetos pontiagudos.<\/span><\/p>\n<p>&nbsp;<\/p>\n<h3>Portcal &#8211; Shoes from Portugal<\/h3>\n<p>A Portcal \u00e9 uma marca da ICC \u2013 Ind\u00fastrias e Com\u00e9rcio de Cal\u00e7ado, S.A. -, empresa portuguesa l\u00edder nacional na produ\u00e7\u00e3o de cal\u00e7ado de seguran\u00e7a. Nascida em 1999, a Portcal produz cal\u00e7ado de seguran\u00e7a de qualidade, garantindo conforto e adequa\u00e7\u00e3o \u00e0s diversas exig\u00eancias dos locais de trabalho. A Portcal disp\u00f5e de uma gama variada de modelos, caraterizando-se pela rigorosa sele\u00e7\u00e3o de materiais para a produ\u00e7\u00e3o de cal\u00e7ado resistente, a pre\u00e7os competitivos.<\/p>\n<p>Escolher Portcal \u00e9 preferir uma marca Portuguesa de cal\u00e7ado de seguran\u00e7a e beneficiar de maior conforto no trabalho.<\/p>\n","protected":false},"excerpt":{"rendered":"<p><strong>CAL\u00c7ADO DE SEGURAN\u00c7A PORTCAL<\/strong><\/p>\n<p>A durabilidade excecional do cal\u00e7ado de seguran\u00e7a Braga \u00e9 assegurada pela resistente biqueira de Composite. A bota Braga n\u00e3o s\u00f3 assegura alta qualidade e prote\u00e7\u00e3o, mas tamb\u00e9m conforto e leveza para os locais de trabalho mais complexos. Escolha a confian\u00e7a e a prote\u00e7\u00e3o para o seu estilo de vida de trabalho com o cal\u00e7ado de seguran\u00e7a Braga.<\/p>\n<p>&nbsp;<\/p>\n<p>EN ISO 20345:2011 CE S3 SRC<\/p>\n<p>&nbsp;<\/p>\n<p>Encontra-se dispon\u00edvel nos tamanhos 36 a 47.<\/p>\n","protected":false},"featured_media":4026,"comment_status":"open","ping_status":"closed","template":"","meta":{"_mi_skip_tracking":false},"product_cat":[193,104,106,207,184],"product_tag":[162,159,160,163],"class_list":{"0":"post-3961","1":"product","2":"type-product","3":"status-publish","4":"has-post-thumbnail","6":"product_cat-setores-de-atividade-industria-ligeira-e-logistica","7":"product_cat-calcado-de-seguranca","8":"product_cat-botas","9":"product_cat-lavoro-automa","10":"product_cat-portcal-calcado-de-seguranca","11":"product_tag-botas","12":"product_tag-calcado-de-seguranca","13":"product_tag-calcado-profissional","14":"product_tag-lavoro","16":"first","17":"instock","18":"taxable","19":"shipping-taxable","20":"purchasable","21":"product-type-variable","22":"has-default-attributes"},"_links":{"self":[{"href":"https:\/\/automa.pt\/loja\/wp-json\/wp\/v2\/product\/3961","targetHints":{"allow":["GET"]}}],"collection":[{"href":"https:\/\/automa.pt\/loja\/wp-json\/wp\/v2\/product"}],"about":[{"href":"https:\/\/automa.pt\/loja\/wp-json\/wp\/v2\/types\/product"}],"replies":[{"embeddable":true,"href":"https:\/\/automa.pt\/loja\/wp-json\/wp\/v2\/comments?post=3961"}],"wp:featuredmedia":[{"embeddable":true,"href":"https:\/\/automa.pt\/loja\/wp-json\/wp\/v2\/media\/4026"}],"wp:attachment":[{"href":"https:\/\/automa.pt\/loja\/wp-json\/wp\/v2\/media?parent=3961"}],"wp:term":[{"taxonomy":"product_cat","embeddable":true,"href":"https:\/\/automa.pt\/loja\/wp-json\/wp\/v2\/product_cat?post=3961"},{"taxonomy":"product_tag","embeddable":true,"href":"https:\/\/automa.pt\/loja\/wp-json\/wp\/v2\/product_tag?post=3961"}],"curies":[{"name":"wp","href":"https:\/\/api.w.org\/{rel}","templated":true}]}}