{"id":3933,"date":"2022-05-31T14:31:38","date_gmt":"2022-05-31T14:31:38","guid":{"rendered":"https:\/\/automa.pt\/humana\/?post_type=product&#038;p=3933"},"modified":"2025-03-01T00:01:58","modified_gmt":"2025-03-01T00:01:58","slug":"calcado-de-seguranca-tavira","status":"publish","type":"product","link":"https:\/\/automa.pt\/loja\/produto\/calcado-de-seguranca-tavira\/","title":{"rendered":"Tavira"},"content":{"rendered":"<h2>Cal\u00e7ado de Seguran\u00e7a <strong>Portcal S3<\/strong><\/h2>\n<h2>Cal\u00e7ado de Seguran\u00e7a Tavira<\/h2>\n<p>O cal\u00e7ado de seguran\u00e7a Tavira encontra-se desenhado para atender \u00e0s necessidades dos profissionais da log\u00edstica e armaz\u00e9ns. Com um corte em camur\u00e7a perfurada que permite uma melhor regula\u00e7\u00e3o da temperatura, \u00e9 indicado para os profissionais da Log\u00edstica.<\/p>\n<p>O sapato \u00e9 um produto de fabrico 100% nacional, com um estilo mais tradicional e uma excelente rela\u00e7\u00e3o qualidade\/pre\u00e7o. A sua sola em PU, diretamente injetado, aumenta a durabilidade reduzindo o desgaste t\u00edpico de um uso intensivo. Antiest\u00e1tico, antivibra\u00e7\u00e3o e antiderrapante, tornam Tavira a op\u00e7\u00e3o ideal para diversas profiss\u00f5es, particularmente interiores.<\/p>\n<p>Por ser mais fresco e incluir um forro t\u00eaxtil que absorve a transpira\u00e7\u00e3o, Tavira \u00e9 um modelo indicado para uso na Primavera e no Ver\u00e3o. O design ergon\u00f4mico oferece conforto durante longos turnos de trabalho, promovendo a produtividade.<\/p>\n<p>A seguran\u00e7a e o conforto garantidos tornam o sapato Tavira uma escolha confi\u00e1vel para o dia a dia profissional.<\/p>\n<p>Este \u00e9 um cal\u00e7ado de seguran\u00e7a que<strong>\u00a0<\/strong>cumpre os requisitos da Norma EN ISO 20345:2011 S1P SRC<\/p>\n<p>As carater\u00edsticas SRC do cal\u00e7ado garantem uma seguran\u00e7a avan\u00e7ada, superando os padr\u00f5es b\u00e1sicos. A sua aprova\u00e7\u00e3o nos testes de antiderrap\u00e2ncia, em pavimento cer\u00e2mico com detergente e a\u00e7o inox com glicerina, destaca a versatilidade do cal\u00e7ado. A sua confiabilidade em condi\u00e7\u00f5es variadas \u00e9 not\u00e1vel.<\/p>\n<p>&nbsp;<\/p>\n<h3>Portcal &#8211; Shoes from Portugal<\/h3>\n<p>A Portcal \u00e9 uma marca da ICC \u2013 Ind\u00fastrias e Com\u00e9rcio de Cal\u00e7ado, S.A. -, empresa portuguesa l\u00edder nacional na produ\u00e7\u00e3o de cal\u00e7ado de seguran\u00e7a. Nascida em 1999, a Portcal produz cal\u00e7ado de seguran\u00e7a de qualidade, garantindo conforto e adequa\u00e7\u00e3o \u00e0s diversas exig\u00eancias dos locais de trabalho. A Portcal disp\u00f5e de uma gama variada de modelos, caraterizando-se pela rigorosa sele\u00e7\u00e3o de materiais para a produ\u00e7\u00e3o de cal\u00e7ado resistente, a pre\u00e7os competitivos.<\/p>\n<p>Escolher Portcal \u00e9 preferir uma marca Portuguesa de cal\u00e7ado de seguran\u00e7a e beneficiar de maior conforto no trabalho.<\/p>\n","protected":false},"excerpt":{"rendered":"<p><strong>CAL\u00c7ADO DE SEGURAN\u00c7A PORTCAL<\/strong><\/p>\n<p>Tavira \u00e9 um sapato de seguran\u00e7a leve e flex\u00edvel, de qualidade superior, para profissionais da log\u00edstica que valorizam o conforto no ambiente de trabalho. Proporciona uma resist\u00eancia fora do comum, o sapato Tavira preserva bom design, oferecendo uma fus\u00e3o harmoniosa entre eleg\u00e2ncia e conforto. Com a sua durabilidade excecional e estilo elegante, o sapato Tavira \u00e9 uma escolha confi\u00e1vel para quem procura desempenho e apar\u00eancia profissional.<\/p>\n<p>EN ISO 20345:2011 S1P SRC<\/p>\n<p>Encontra-se dispon\u00edvel nos tamanhos 36 a 47.<\/p>\n","protected":false},"featured_media":4007,"comment_status":"open","ping_status":"closed","template":"","meta":{"_mi_skip_tracking":false},"product_cat":[193,104,105,184],"product_tag":[159,160,163,161],"class_list":{"0":"post-3933","1":"product","2":"type-product","3":"status-publish","4":"has-post-thumbnail","6":"product_cat-setores-de-atividade-industria-ligeira-e-logistica","7":"product_cat-calcado-de-seguranca","8":"product_cat-sapatos","9":"product_cat-portcal-calcado-de-seguranca","10":"product_tag-calcado-de-seguranca","11":"product_tag-calcado-profissional","12":"product_tag-lavoro","13":"product_tag-sapatos","15":"first","16":"instock","17":"taxable","18":"shipping-taxable","19":"purchasable","20":"product-type-variable"},"_links":{"self":[{"href":"https:\/\/automa.pt\/loja\/wp-json\/wp\/v2\/product\/3933","targetHints":{"allow":["GET"]}}],"collection":[{"href":"https:\/\/automa.pt\/loja\/wp-json\/wp\/v2\/product"}],"about":[{"href":"https:\/\/automa.pt\/loja\/wp-json\/wp\/v2\/types\/product"}],"replies":[{"embeddable":true,"href":"https:\/\/automa.pt\/loja\/wp-json\/wp\/v2\/comments?post=3933"}],"wp:featuredmedia":[{"embeddable":true,"href":"https:\/\/automa.pt\/loja\/wp-json\/wp\/v2\/media\/4007"}],"wp:attachment":[{"href":"https:\/\/automa.pt\/loja\/wp-json\/wp\/v2\/media?parent=3933"}],"wp:term":[{"taxonomy":"product_cat","embeddable":true,"href":"https:\/\/automa.pt\/loja\/wp-json\/wp\/v2\/product_cat?post=3933"},{"taxonomy":"product_tag","embeddable":true,"href":"https:\/\/automa.pt\/loja\/wp-json\/wp\/v2\/product_tag?post=3933"}],"curies":[{"name":"wp","href":"https:\/\/api.w.org\/{rel}","templated":true}]}}