{"id":3896,"date":"2022-05-31T14:13:00","date_gmt":"2022-05-31T14:13:00","guid":{"rendered":"https:\/\/automa.pt\/humana\/?post_type=product&#038;p=3896"},"modified":"2025-02-25T11:57:14","modified_gmt":"2025-02-25T11:57:14","slug":"calcado-de-seguranca-eva","status":"publish","type":"product","link":"https:\/\/automa.pt\/loja\/produto\/calcado-de-seguranca-eva\/","title":{"rendered":"EVA"},"content":{"rendered":"<h2><strong>Cal\u00e7ado de Seguran\u00e7a Lavoro<\/strong><\/h2>\n<h2><strong>Cal\u00e7ado de Seguran\u00e7a Eva<\/strong><\/h2>\n<p>O cal\u00e7ado de seguran\u00e7a Eva oferece uma combina\u00e7\u00e3o ideal de conforto e seguran\u00e7a para os profissionais que enfrentam ambientes desafiadores. Encontra prote\u00e7\u00e3o, conforto e estilo num \u00fanico sapato!<\/p>\n<p>Com uma biqueira em a\u00e7o, proporciona alta prote\u00e7\u00e3o contra impactos e compress\u00f5es, garantindo a seguran\u00e7a dos p\u00e9s. A palmilha de Kevlar adiciona uma camada adicional de prote\u00e7\u00e3o contra objetos cortantes, enquanto mant\u00e9m os p\u00e9s confort\u00e1veis durante longos per\u00edodos de uso.<\/p>\n<p>O sapato Eva possui uma palmilha de limpeza que oferece higiene e \u00e9 pr\u00e1tico para o usu\u00e1rio.<\/p>\n<p>A tecnologia Drytech antiest\u00e1tica do sapato Eva proporciona dissipa\u00e7\u00e3o segura de eletricidade est\u00e1tica. Assim, o sapato protege o utilizador contra poss\u00edveis danos causados por descargas el\u00e9tricas.<\/p>\n<p>A sola de PU diretamente injetado \u00e9 resistente a \u00f3leos e combust\u00edveis, proporcionando estabilidade e seguran\u00e7a em diferentes tipos de superf\u00edcies. A sola antiderrapante oferece ader\u00eancia em condi\u00e7\u00f5es escorregadias.<\/p>\n<p>Este \u00e9 um cal\u00e7ado de seguran\u00e7a que cumpre os requisitos da Norma EN ISO 20345:2011 <strong>S2P SRC ESD.<\/strong><\/p>\n<p>As carater\u00edsticas SRC do cal\u00e7ado garantem uma seguran\u00e7a avan\u00e7ada, superando os padr\u00f5es b\u00e1sicos. A sua aprova\u00e7\u00e3o nos testes de antiderrapante, em pavimento cer\u00e2mico com detergente e a\u00e7o inox com glicerina, destaca a versatilidade do cal\u00e7ado. A sua confiabilidade em condi\u00e7\u00f5es variadas \u00e9 not\u00e1vel.<\/p>\n<p>&nbsp;<\/p>\n<p><strong>LAVORO &#8211; Engineering Life<\/strong><\/p>\n<p>A Lavoro \u00e9 uma marca que possu\u00ed o selo VHQ (Very High Quality) que acrescenta um atestado de conformidade do cal\u00e7ado profissional com a adequada manuten\u00e7\u00e3o da sa\u00fade do p\u00e9 em contexto laboral. Desde 1988, a Lavoro \u00e9 um dos mais renomados produtores europeus de cal\u00e7ado profissional com uma procura constante pelo melhor. As carater\u00edsticas CLIMA CORK SYSTEM e RSA est\u00e3o presentes em alguns modelos e \u00e9 o que torna a Lavoro \u00fanica e inovativa.<\/p>\n<p>Escolher a Lavoro \u00e9 preferir uma marca de cal\u00e7ado de seguran\u00e7a com carater\u00edsticas inovativas que permitem o maior conforto.<\/p>\n","protected":false},"excerpt":{"rendered":"<p><strong>CAL\u00c7ADO DE SEGURAN\u00c7A LAVORO WOMAN<\/strong><\/p>\n<p>O sapato de seguran\u00e7a Eva \u00e9 uma escolha confi\u00e1vel para as profissionais que valorizam prote\u00e7\u00e3o, conforto e desempenho no cal\u00e7ado de trabalho. Este modelo proporciona o suporte necess\u00e1rio para enfrentar os desafios do dia a dia com confian\u00e7a e seguran\u00e7a.<\/p>\n<p>Cal\u00e7ado de seguran\u00e7a com f\u00e1cil utiliza\u00e7\u00e3o.<\/p>\n<p>&nbsp;<\/p>\n<p>EN ISO 20345:2011 <strong>S2P SRC ESD<\/strong><\/p>\n<p>&nbsp;<\/p>\n<p>Est\u00e1 dispon\u00edvel nos tamanhos 36 a 42.<\/p>\n<p>&nbsp;<\/p>\n","protected":false},"featured_media":6264,"comment_status":"open","ping_status":"closed","template":"","meta":{"_mi_skip_tracking":false},"product_cat":[104,105,207],"product_tag":[159,160,163,161],"class_list":{"0":"post-3896","1":"product","2":"type-product","3":"status-publish","4":"has-post-thumbnail","6":"product_cat-calcado-de-seguranca","7":"product_cat-sapatos","8":"product_cat-lavoro-automa","9":"product_tag-calcado-de-seguranca","10":"product_tag-calcado-profissional","11":"product_tag-lavoro","12":"product_tag-sapatos","14":"first","15":"instock","16":"sale","17":"sold-individually","18":"taxable","19":"shipping-taxable","20":"purchasable","21":"product-type-variable","22":"has-default-attributes"},"_links":{"self":[{"href":"https:\/\/automa.pt\/loja\/wp-json\/wp\/v2\/product\/3896","targetHints":{"allow":["GET"]}}],"collection":[{"href":"https:\/\/automa.pt\/loja\/wp-json\/wp\/v2\/product"}],"about":[{"href":"https:\/\/automa.pt\/loja\/wp-json\/wp\/v2\/types\/product"}],"replies":[{"embeddable":true,"href":"https:\/\/automa.pt\/loja\/wp-json\/wp\/v2\/comments?post=3896"}],"wp:featuredmedia":[{"embeddable":true,"href":"https:\/\/automa.pt\/loja\/wp-json\/wp\/v2\/media\/6264"}],"wp:attachment":[{"href":"https:\/\/automa.pt\/loja\/wp-json\/wp\/v2\/media?parent=3896"}],"wp:term":[{"taxonomy":"product_cat","embeddable":true,"href":"https:\/\/automa.pt\/loja\/wp-json\/wp\/v2\/product_cat?post=3896"},{"taxonomy":"product_tag","embeddable":true,"href":"https:\/\/automa.pt\/loja\/wp-json\/wp\/v2\/product_tag?post=3896"}],"curies":[{"name":"wp","href":"https:\/\/api.w.org\/{rel}","templated":true}]}}