{"id":3858,"date":"2022-05-31T13:28:52","date_gmt":"2022-05-31T13:28:52","guid":{"rendered":"https:\/\/automa.pt\/humana\/?post_type=product&#038;p=3858"},"modified":"2025-02-25T11:56:28","modified_gmt":"2025-02-25T11:56:28","slug":"calcado-de-seguranca-lucy","status":"publish","type":"product","link":"https:\/\/automa.pt\/loja\/produto\/calcado-de-seguranca-lucy\/","title":{"rendered":"Lucy"},"content":{"rendered":"<h2><strong>Cal\u00e7ado de Seguran\u00e7a Lavoro<\/strong><\/h2>\n<h2><strong>Cal\u00e7ado de Seguran\u00e7a Lucy<\/strong><\/h2>\n<p>O cal\u00e7ado de seguran\u00e7a Lucy \u00e9 a escolha ideal para as profissionais que trabalham na ind\u00fastria leve e na log\u00edstica. Um sapato para as profissionais que desejam uma combina\u00e7\u00e3o de prote\u00e7\u00e3o, conforto e durabilidade para enfrentar os desafios do trabalho.<\/p>\n<p>Com uma biqueira em a\u00e7o, oferece prote\u00e7\u00e3o confi\u00e1vel contra impactos e compress\u00f5es, garantindo a seguran\u00e7a dos p\u00e9s em ambientes de trabalho exigentes. A palmilha de Kevlar proporciona uma barreira resistente contra objetos pontiagudos e cortantes, garantindo que os p\u00e9s permane\u00e7am seguros.<\/p>\n<p>A sola PU oferece excelente ader\u00eancia e tra\u00e7\u00e3o em uma variedade de superf\u00edcies, proporcionando estabilidade e seguran\u00e7a ao caminhar. Esta sola dur\u00e1vel \u00e9 resistente ao desgaste e proporciona amortecimento adicional para reduzir a fadiga durante o trabalho.<\/p>\n<p>O design moderno e funcional do sapato n\u00e3o compromete o estilo, oferecendo uma apar\u00eancia elegante e profissional para os trabalhadores. Seja em um armaz\u00e9m movimentado ou em tarefas de log\u00edstica, o sapato Lucy \u00e9 uma escolha confi\u00e1vel para quem valoriza seguran\u00e7a e conforto no local de trabalho.<\/p>\n<p>Este \u00e9 um cal\u00e7ado de seguran\u00e7a que cumpre os requisitos da Norma EN ISO20345:2011 CE S3 SRA ESD.<\/p>\n<p>As suas carater\u00edsticas S3 indicam que tem mais do que seguran\u00e7a b\u00e1sica. Este cal\u00e7ado \u00e9 antiderrapante e tem uma biqueira de seguran\u00e7a que protege os seus p\u00e9s contra impactos at\u00e9 200J. Tem a regi\u00e3o do calcanhar fechada e um sistema de absor\u00e7\u00e3o de energia no calcanhar, \u00e9 anti est\u00e1tico e resistente a \u00f3leos. Previne a penetra\u00e7\u00e3o e absor\u00e7\u00e3o de \u00e1gua e tem uma palmilha de prote\u00e7\u00e3o contra objetos pontiagudos.<\/p>\n<p>&nbsp;<\/p>\n<h3><strong>LAVORO &#8211; Engineering Life<\/strong><\/h3>\n<p>A Lavoro \u00e9 uma marca que possu\u00ed o selo VHQ (Very High Quality) que acrescenta um atestado de conformidade do cal\u00e7ado profissional com a adequada manuten\u00e7\u00e3o da sa\u00fade do p\u00e9 em contexto laboral. Desde 1988, a Lavoro \u00e9 um dos mais renomados produtores europeus de cal\u00e7ado profissional com uma procura constante pelo melhor. As carater\u00edsticas CLIMA CORK SYSTEM e RSA est\u00e3o presentes em alguns modelos e \u00e9 o que torna a Lavoro \u00fanica e inovativa.<\/p>\n<p>Escolher a Lavoro \u00e9 preferir uma marca de cal\u00e7ado de seguran\u00e7a com carater\u00edsticas inovativas que permitem o maior conforto.<\/p>\n","protected":false},"excerpt":{"rendered":"<p><strong>CAL\u00c7ADO DE SEGURAN\u00c7A LAVORO\u00a0<\/strong><\/p>\n<p>O cal\u00e7ado de seguran\u00e7a Lucy surgiu como uma resposta inovadora para os desafios das profissionais da ind\u00fastria ligeira e da log\u00edstica. N\u00e3o s\u00f3 protege contra perfura\u00e7\u00f5es, mas tamb\u00e9m \u00e9 leve e flex\u00edvel, proporcionando conforto durante longos per\u00edodos de uso. \u00c9 fabricado com materiais de alta qualidade e com padr\u00f5es rigorosos de fabrica\u00e7\u00e3o. O sapato Lucy \u00e9 um investimento duradouro na seguran\u00e7a e no bem-estar das trabalhadoras.<\/p>\n<p>&nbsp;<\/p>\n<p>EN ISO20345:2011 CE<strong> S3 SRA ESD\u00a0<\/strong><\/p>\n<p>&nbsp;<\/p>\n<p>Encontra-se dispon\u00edvel nos tamanhos 36 a 42.<\/p>\n","protected":false},"featured_media":4293,"comment_status":"open","ping_status":"closed","template":"","meta":{"_mi_skip_tracking":false},"product_cat":[193,104,106,186,207],"product_tag":[162,159,160,163],"class_list":{"0":"post-3858","1":"product","2":"type-product","3":"status-publish","4":"has-post-thumbnail","6":"product_cat-setores-de-atividade-industria-ligeira-e-logistica","7":"product_cat-calcado-de-seguranca","8":"product_cat-botas","9":"product_cat-mulher","10":"product_cat-lavoro-automa","11":"product_tag-botas","12":"product_tag-calcado-de-seguranca","13":"product_tag-calcado-profissional","14":"product_tag-lavoro","16":"first","17":"instock","18":"sale","19":"sold-individually","20":"taxable","21":"shipping-taxable","22":"purchasable","23":"product-type-simple"},"_links":{"self":[{"href":"https:\/\/automa.pt\/loja\/wp-json\/wp\/v2\/product\/3858","targetHints":{"allow":["GET"]}}],"collection":[{"href":"https:\/\/automa.pt\/loja\/wp-json\/wp\/v2\/product"}],"about":[{"href":"https:\/\/automa.pt\/loja\/wp-json\/wp\/v2\/types\/product"}],"replies":[{"embeddable":true,"href":"https:\/\/automa.pt\/loja\/wp-json\/wp\/v2\/comments?post=3858"}],"wp:featuredmedia":[{"embeddable":true,"href":"https:\/\/automa.pt\/loja\/wp-json\/wp\/v2\/media\/4293"}],"wp:attachment":[{"href":"https:\/\/automa.pt\/loja\/wp-json\/wp\/v2\/media?parent=3858"}],"wp:term":[{"taxonomy":"product_cat","embeddable":true,"href":"https:\/\/automa.pt\/loja\/wp-json\/wp\/v2\/product_cat?post=3858"},{"taxonomy":"product_tag","embeddable":true,"href":"https:\/\/automa.pt\/loja\/wp-json\/wp\/v2\/product_tag?post=3858"}],"curies":[{"name":"wp","href":"https:\/\/api.w.org\/{rel}","templated":true}]}}