{"id":3404,"date":"2021-03-25T16:22:45","date_gmt":"2021-03-25T16:22:45","guid":{"rendered":"https:\/\/automa.pt\/?post_type=product&#038;p=3404"},"modified":"2025-02-28T00:03:18","modified_gmt":"2025-02-28T00:03:18","slug":"calcado-de-seguranca-biomass","status":"publish","type":"product","link":"https:\/\/automa.pt\/loja\/produto\/calcado-de-seguranca-biomass\/","title":{"rendered":"Biomass"},"content":{"rendered":"<h2><strong>Cal\u00e7ado de Seguran\u00e7a Lavoro\u00a0<\/strong><\/h2>\n<p>Cal\u00e7ado de Seguran\u00e7a Biomass<\/p>\n<p>O cal\u00e7ado de seguran\u00e7a Biomass\u00a0\u00e9 projetado para atender \u00e0s mais rigorosas exig\u00eancias profissionais. A sua biqueira em Composite proporciona resist\u00eancia avan\u00e7ada contra impactos, enquanto a palmilha em Kevlar oferece prote\u00e7\u00e3o superior contra perfura\u00e7\u00f5es. Completamente n\u00e3o met\u00e1lico, \u00e9 ideal para ambientes sens\u00edveis a detetores de metal, como aeroportos e \u00e1reas de seguran\u00e7a.<\/p>\n<p>A sola PU diretamente injetada + TPU proporciona durabilidade e ader\u00eancia em diversas superf\u00edcies, garantindo estabilidade e seguran\u00e7a. Estas carater\u00edsticas tornam o Biomass perfeito para profissionais da constru\u00e7\u00e3o civil, ind\u00fastria qu\u00edmica e outros setores que necessitam de prote\u00e7\u00e3o, conforto e confiabilidade. Este cal\u00e7ado inovador \u00e9 uma escolha segura para quem procura desempenho superior em ambientes desafiadores.<\/p>\n<p>Este \u00e9 um cal\u00e7ado de seguran\u00e7a que cumpre os requisitos da Norma EN ISO 20345:2011 CE S3 SRC.<\/p>\n<p>As suas carater\u00edsticas S3 indicam que tem mais do que seguran\u00e7a b\u00e1sica. O cal\u00e7ado de seguran\u00e7a Biomass \u00e9 antiderrapante e tem uma biqueira de seguran\u00e7a que protege os seus p\u00e9s contra impactos at\u00e9 200J. Tem a regi\u00e3o do calcanhar fechada e um sistema de absor\u00e7\u00e3o de energia no calcanhar, \u00e9 anti est\u00e1tico e resistente a \u00f3leos. Previne a penetra\u00e7\u00e3o e absor\u00e7\u00e3o de \u00e1gua e tem uma palmilha de prote\u00e7\u00e3o contra objetos pontiagudos.<\/p>\n<p>&nbsp;<\/p>\n<h3><strong>LAVORO &#8211; Engineering Life<\/strong><\/h3>\n<p>A Lavoro \u00e9 uma marca que possu\u00ed o selo VHQ (Very High Quality) que acrescenta um atestado de conformidade do cal\u00e7ado profissional com a adequada manuten\u00e7\u00e3o da sa\u00fade do p\u00e9 em contexto laboral. Desde 1988, a Lavoro \u00e9 um dos mais renomados produtores europeus de cal\u00e7ado profissional com uma procura constante pelo melhor. As carater\u00edsticas CLIMA CORK SYSTEM e RSA est\u00e3o presentes em alguns modelos e \u00e9 o que torna a Lavoro \u00fanica e inovativa.<\/p>\n<p>Escolher a Lavoro \u00e9 preferir uma marca de cal\u00e7ado de seguran\u00e7a com carater\u00edsticas inovativas que permitem o maior conforto.<\/p>\n","protected":false},"excerpt":{"rendered":"<p>CAL\u00c7ADO DE SEGURAN\u00c7A LAVORO Biomass<\/p>\n<p>O cal\u00e7ado de seguran\u00e7a Biomass da Lavoro atende as necessidades dos setores da constru\u00e7\u00e3o, ind\u00fastria qu\u00edmica e laborat\u00f3rios, tendo em conta as suas caracter\u00edsticas que garantem prote\u00e7\u00e3o contra perfura\u00e7\u00f5es e s\u00e3o sens\u00edveis a dete\u00e7\u00e3o de metal.<\/p>\n<p>O cal\u00e7ado de seguran\u00e7a Biomass distingue-se pela sua palmilha em Kevlar, pela sua sola PU diretamente injetado + TPU, e por ser 100% n\u00e3o met\u00e1lico \u00e9 especialmente projetado para atender \u00e0s exig\u00eancias rigorosas de profissionais que trabalham em ambientes mais complexos.<\/p>\n<p>&nbsp;<\/p>\n<p>EN ISO 20345:2011 CE S3 SRC<\/p>\n<p>&nbsp;<\/p>\n<p>Encontra-se dispon\u00edvel nos tamanhos 36 a 48.<\/p>\n<p>&nbsp;<\/p>\n","protected":false},"featured_media":4298,"comment_status":"open","ping_status":"closed","template":"","meta":{"_mi_skip_tracking":false},"product_cat":[193,104,106,112,186,207],"product_tag":[159,160],"class_list":{"0":"post-3404","1":"product","2":"type-product","3":"status-publish","4":"has-post-thumbnail","6":"product_cat-setores-de-atividade-industria-ligeira-e-logistica","7":"product_cat-calcado-de-seguranca","8":"product_cat-botas","9":"product_cat-biqueira-de-protecao","10":"product_cat-mulher","11":"product_cat-lavoro-automa","12":"product_tag-calcado-de-seguranca","13":"product_tag-calcado-profissional","15":"first","16":"instock","17":"sold-individually","18":"taxable","19":"shipping-taxable","20":"purchasable","21":"product-type-variable"},"_links":{"self":[{"href":"https:\/\/automa.pt\/loja\/wp-json\/wp\/v2\/product\/3404","targetHints":{"allow":["GET"]}}],"collection":[{"href":"https:\/\/automa.pt\/loja\/wp-json\/wp\/v2\/product"}],"about":[{"href":"https:\/\/automa.pt\/loja\/wp-json\/wp\/v2\/types\/product"}],"replies":[{"embeddable":true,"href":"https:\/\/automa.pt\/loja\/wp-json\/wp\/v2\/comments?post=3404"}],"wp:featuredmedia":[{"embeddable":true,"href":"https:\/\/automa.pt\/loja\/wp-json\/wp\/v2\/media\/4298"}],"wp:attachment":[{"href":"https:\/\/automa.pt\/loja\/wp-json\/wp\/v2\/media?parent=3404"}],"wp:term":[{"taxonomy":"product_cat","embeddable":true,"href":"https:\/\/automa.pt\/loja\/wp-json\/wp\/v2\/product_cat?post=3404"},{"taxonomy":"product_tag","embeddable":true,"href":"https:\/\/automa.pt\/loja\/wp-json\/wp\/v2\/product_tag?post=3404"}],"curies":[{"name":"wp","href":"https:\/\/api.w.org\/{rel}","templated":true}]}}