{"id":2558,"date":"2019-03-08T10:15:10","date_gmt":"2019-03-08T10:15:10","guid":{"rendered":"https:\/\/automa.pt\/?post_type=product&#038;p=2558"},"modified":"2025-03-01T00:01:58","modified_gmt":"2025-03-01T00:01:58","slug":"calcado-de-seguranca-bota-fundao","status":"publish","type":"product","link":"https:\/\/automa.pt\/loja\/produto\/calcado-de-seguranca-bota-fundao\/","title":{"rendered":"Fund\u00e3o"},"content":{"rendered":"<h2><strong>Cal\u00e7ado de Seguran\u00e7a Portcal S3<\/strong><\/h2>\n<h2><strong>Cal\u00e7ado de Seguran\u00e7a Fund\u00e3o<\/strong><\/h2>\n<p>O cal\u00e7ado de seguran\u00e7a Portcal <strong>Fund\u00e3o\u00a0<\/strong>\u00e9 a bota de elei\u00e7\u00e3o da Fundi\u00e7\u00e3o e Soldadura. Altamente resistente possui um sistema de abertura r\u00e1pida para maior seguran\u00e7a, em caso de acidente. A sua sola de dupla densidade em PU torna este produto mais confort\u00e1vel e aumenta a sua durabilidade reduzindo o desgaste de um uso intensivo.<\/p>\n<p>Inspirada no planalto da Cova da Beira, a bota Fund\u00e3o \u00e9 robusta contra impactos e compress\u00e3o, refletindo seus sistemas rochosos. Apresenta uma pala especial para trabalhos mais exigentes. A bota possu\u00ed um corte em pele resistente \u00e0 \u00e1gua oferecendo m\u00e1xima prote\u00e7\u00e3o. As suas caracter\u00edsticas destacam-se pela biqueira e palmilha em a\u00e7o, para mais seguran\u00e7a e longevidade.<\/p>\n<p>A bota\u00a0<strong>Fund\u00e3o <\/strong>cumpre os requisitos da Norma EN ISO 20345:2011 CE SRC, categoria S3.<\/p>\n<p><span style=\"font-size: 0.9rem\">As suas carater\u00edsticas S3 indicam que tem mais do que seguran\u00e7a b\u00e1sica. O cal\u00e7ado \u00e9 antiderrapante e tem uma biqueira de seguran\u00e7a que protege os seus p\u00e9s contra impactos at\u00e9 200J. Tem a regi\u00e3o do calcanhar fechada e um sistema de absor\u00e7\u00e3o de energia no calcanhar, \u00e9 anti est\u00e1tico e resistente a \u00f3leos. Previne a penetra\u00e7\u00e3o e absor\u00e7\u00e3o de \u00e1gua e tem uma palmilha de prote\u00e7\u00e3o contra objetos pontiagudos.<\/span><\/p>\n<p>&nbsp;<\/p>\n<h3>Portcal &#8211; Shoes from Portugal<\/h3>\n<p>A Portcal \u00e9 uma marca da ICC \u2013 Ind\u00fastrias e Com\u00e9rcio de Cal\u00e7ado, S.A., empresa portuguesa l\u00edder nacional na produ\u00e7\u00e3o de cal\u00e7ado de seguran\u00e7a.\u00a0Nascida em 1999, a Portcal produz cal\u00e7ado de seguran\u00e7a de qualidade, garantindo conforto\u00a0e adequa\u00e7\u00e3o \u00e0s diversas exig\u00eancias dos locais de trabalho.\u00a0A Portcal disp\u00f5e de uma gama variada de modelos, caraterizando-se pela rigorosa sele\u00e7\u00e3o de materiais para a produ\u00e7\u00e3o de cal\u00e7ado resistente, a pre\u00e7os competitivos.\u00a0Quem escolhe Portcal tem a garantia dos mais elevados n\u00edveis de seguran\u00e7a e conforto no trabalho.<\/p>\n<div id=\"product-tab\" class=\"woocommerce-tabs woocommerce-tabs-6o9etdrh8gjoxlmp3jw45nle5js30q1 resp-htabs style-2\">\n<div class=\"resp-tabs-container\">\n<div id=\"tab-description\" class=\"tab-content resp-tab-content resp-tab-content-active\" aria-labelledby=\"tab_item-0\">\n<p>Escolher Portcal \u00e9 preferir uma marca Portuguesa de cal\u00e7ado de seguran\u00e7a e beneficiar de maior conforto no trabalho.<\/p>\n<\/div>\n<\/div>\n<\/div>\n","protected":false},"excerpt":{"rendered":"<p><strong>CAL\u00c7ADO DE SEGURAN\u00c7A PORTCAL<\/strong><\/p>\n<p>O cal\u00e7ado de seguran\u00e7a Fund\u00e3o \u00e9 especialmente desenvolvida para os profissionais da Fundi\u00e7\u00e3o, Soldadura, Metalomec\u00e2nica e Metalurgia. \u00c9 tamb\u00e9m uma excelente op\u00e7\u00e3o para trabalhos de exterior como constru\u00e7\u00e3o civil e obras p\u00fablicas. Altamente resistente possui, tamb\u00e9m, um sistema de abertura r\u00e1pida para maior seguran\u00e7a, em caso de acidente.<\/p>\n<p>&nbsp;<\/p>\n<p>EN ISO 20345:2011 CE S3 SRC<\/p>\n<p>&nbsp;<\/p>\n<p>Encontra-se dispon\u00edvel nos tamanhos 39 a 47.<\/p>\n<p>&nbsp;<\/p>\n","protected":false},"featured_media":4049,"comment_status":"open","ping_status":"closed","template":"","meta":{"_mi_skip_tracking":false},"product_cat":[194,104,106,184],"product_tag":[162,159,160,164],"class_list":{"0":"post-2558","1":"product","2":"type-product","3":"status-publish","4":"has-post-thumbnail","6":"product_cat-setores-de-atividade-industria-pesada-e-atividades-especializadas","7":"product_cat-calcado-de-seguranca","8":"product_cat-botas","9":"product_cat-portcal-calcado-de-seguranca","10":"product_tag-botas","11":"product_tag-calcado-de-seguranca","12":"product_tag-calcado-profissional","13":"product_tag-portcal","15":"first","16":"instock","17":"taxable","18":"shipping-taxable","19":"purchasable","20":"product-type-variable"},"_links":{"self":[{"href":"https:\/\/automa.pt\/loja\/wp-json\/wp\/v2\/product\/2558","targetHints":{"allow":["GET"]}}],"collection":[{"href":"https:\/\/automa.pt\/loja\/wp-json\/wp\/v2\/product"}],"about":[{"href":"https:\/\/automa.pt\/loja\/wp-json\/wp\/v2\/types\/product"}],"replies":[{"embeddable":true,"href":"https:\/\/automa.pt\/loja\/wp-json\/wp\/v2\/comments?post=2558"}],"wp:featuredmedia":[{"embeddable":true,"href":"https:\/\/automa.pt\/loja\/wp-json\/wp\/v2\/media\/4049"}],"wp:attachment":[{"href":"https:\/\/automa.pt\/loja\/wp-json\/wp\/v2\/media?parent=2558"}],"wp:term":[{"taxonomy":"product_cat","embeddable":true,"href":"https:\/\/automa.pt\/loja\/wp-json\/wp\/v2\/product_cat?post=2558"},{"taxonomy":"product_tag","embeddable":true,"href":"https:\/\/automa.pt\/loja\/wp-json\/wp\/v2\/product_tag?post=2558"}],"curies":[{"name":"wp","href":"https:\/\/api.w.org\/{rel}","templated":true}]}}